{"id":4904,"date":"2023-10-27T02:28:06","date_gmt":"2023-10-27T02:28:06","guid":{"rendered":"https:\/\/khogiaodienmau.net\/trumtheme\/?post_type=product&#038;p=4904"},"modified":"2023-10-27T02:28:37","modified_gmt":"2023-10-27T02:28:37","slug":"theme-wordpress-dao-tao-phun-xam-spa","status":"publish","type":"product","link":"https:\/\/khogiaodienmau.net\/trumtheme\/themes\/theme-wordpress-dao-tao-phun-xam-spa\/","title":{"rendered":"Theme wordpress \u0111\u00e0o t\u1ea1o phun x\u0103m ,spa"},"content":{"rendered":"","protected":false},"excerpt":{"rendered":"<p>Theme wordpress \u0111\u00e0o t\u1ea1o phun x\u0103m \u0111\u01b0\u1ee3c t\u1ea1o ra \u0111\u1eb7c bi\u1ec7t \u0111\u1ec3 gi\u00fap b\u1ea1n th\u1ec3 hi\u1ec7n s\u1ef1 chuy\u00ean nghi\u1ec7p v\u00e0 s\u1ef1 th\u01b0 gi\u00e3n t\u1ea1i trung t\u00e2m phun x\u0103m v\u00e0 spa c\u1ee7a b\u1ea1n. V\u1edbi giao di\u1ec7n \u0111\u1eb9p v\u00e0 hi\u1ec7n \u0111\u1ea1i, ch\u1ee7 \u0111\u1ec1 n\u00e0y mang \u0111\u1ebfn m\u1ed9t tr\u1ea3i nghi\u1ec7m tr\u1ef1c tuy\u1ebfn t\u01b0\u01a1ng t\u1ef1 nh\u01b0 khi \u0111\u1ebfn trung t\u00e2m th\u1eadt.<\/p>\n","protected":false},"featured_media":4905,"comment_status":"open","ping_status":"closed","template":"","meta":[],"product_brand":[],"product_cat":[46,57,50,118,42,55],"product_tag":[],"class_list":{"0":"post-4904","1":"product","2":"type-product","3":"status-publish","4":"has-post-thumbnail","6":"product_cat-theme-hot","7":"product_cat-theme-wordpress-dich-vu","8":"product_cat-theme-wordpress-gioi-thieu-cong-ty","9":"product_cat-theme-wordpress-khoa-hoc","10":"product_cat-theme-wordpress-spa","11":"product_cat-theme-wordpress-truong-hoc","13":"first","14":"instock","15":"sale","16":"downloadable","17":"shipping-taxable","18":"purchasable","19":"product-type-simple"},"acf":[],"_links":{"self":[{"href":"https:\/\/khogiaodienmau.net\/trumtheme\/wp-json\/wp\/v2\/product\/4904"}],"collection":[{"href":"https:\/\/khogiaodienmau.net\/trumtheme\/wp-json\/wp\/v2\/product"}],"about":[{"href":"https:\/\/khogiaodienmau.net\/trumtheme\/wp-json\/wp\/v2\/types\/product"}],"replies":[{"embeddable":true,"href":"https:\/\/khogiaodienmau.net\/trumtheme\/wp-json\/wp\/v2\/comments?post=4904"}],"wp:featuredmedia":[{"embeddable":true,"href":"https:\/\/khogiaodienmau.net\/trumtheme\/wp-json\/wp\/v2\/media\/4905"}],"wp:attachment":[{"href":"https:\/\/khogiaodienmau.net\/trumtheme\/wp-json\/wp\/v2\/media?parent=4904"}],"wp:term":[{"taxonomy":"product_brand","embeddable":true,"href":"https:\/\/khogiaodienmau.net\/trumtheme\/wp-json\/wp\/v2\/product_brand?post=4904"},{"taxonomy":"product_cat","embeddable":true,"href":"https:\/\/khogiaodienmau.net\/trumtheme\/wp-json\/wp\/v2\/product_cat?post=4904"},{"taxonomy":"product_tag","embeddable":true,"href":"https:\/\/khogiaodienmau.net\/trumtheme\/wp-json\/wp\/v2\/product_tag?post=4904"}],"curies":[{"name":"wp","href":"https:\/\/api.w.org\/{rel}","templated":true}]}}