{"id":4806,"date":"2023-10-17T17:19:10","date_gmt":"2023-10-17T17:19:10","guid":{"rendered":"https:\/\/khogiaodienmau.net\/trumtheme\/?post_type=product&#038;p=4806"},"modified":"2023-10-17T17:19:11","modified_gmt":"2023-10-17T17:19:11","slug":"theme-wordpress-phong-kham-3","status":"publish","type":"product","link":"https:\/\/khogiaodienmau.net\/trumtheme\/themes\/theme-wordpress-phong-kham-3\/","title":{"rendered":"Theme wordpress ph\u00f2ng kh\u00e1m 3"},"content":{"rendered":"","protected":false},"excerpt":{"rendered":"<p>Theme WordPress Ph\u00f2ng Kh\u00e1m 3 cung c\u1ea5p m\u1ecdi c\u00f4ng c\u1ee5 v\u00e0 t\u00ednh n\u0103ng c\u1ea7n thi\u1ebft \u0111\u1ec3 x\u00e2y d\u1ef1ng m\u1ed9t trang web y t\u1ebf \u0111\u00e1ng tin c\u1eady v\u00e0 thu h\u00fat b\u1ec7nh nh\u00e2n. V\u1edbi giao di\u1ec7n \u0111\u1eb9p, t\u00edch h\u1ee3p h\u1ec7 th\u1ed1ng thanh to\u00e1n an to\u00e0n, t\u00edch h\u1ee3p \u0111\u1eb7t l\u1ecbch h\u1eb9n tr\u1ef1c tuy\u1ebfn, v\u00e0 t\u01b0\u01a1ng th\u00edch v\u1edbi thi\u1ebft b\u1ecb di \u0111\u1ed9ng, b\u1ea1n c\u00f3 t\u1ea5t c\u1ea3 nh\u1eefng c\u00f4ng c\u1ee5 c\u1ea7n \u0111\u1ec3 th\u00e0nh c\u00f4ng trong l\u0129nh v\u1ef1c y t\u1ebf.<\/p>\n","protected":false},"featured_media":4807,"comment_status":"open","ping_status":"closed","template":"","meta":[],"product_brand":[],"product_cat":[46,53,57,50,100,51],"product_tag":[],"class_list":{"0":"post-4806","1":"product","2":"type-product","3":"status-publish","4":"has-post-thumbnail","6":"product_cat-theme-hot","7":"product_cat-theme-word-press-y-te-suc-khoe","8":"product_cat-theme-wordpress-dich-vu","9":"product_cat-theme-wordpress-gioi-thieu-cong-ty","10":"product_cat-theme-wordpress-phong-kham","11":"product_cat-theme-wordpress-y-te","13":"first","14":"instock","15":"sale","16":"downloadable","17":"shipping-taxable","18":"purchasable","19":"product-type-simple"},"acf":[],"_links":{"self":[{"href":"https:\/\/khogiaodienmau.net\/trumtheme\/wp-json\/wp\/v2\/product\/4806"}],"collection":[{"href":"https:\/\/khogiaodienmau.net\/trumtheme\/wp-json\/wp\/v2\/product"}],"about":[{"href":"https:\/\/khogiaodienmau.net\/trumtheme\/wp-json\/wp\/v2\/types\/product"}],"replies":[{"embeddable":true,"href":"https:\/\/khogiaodienmau.net\/trumtheme\/wp-json\/wp\/v2\/comments?post=4806"}],"wp:featuredmedia":[{"embeddable":true,"href":"https:\/\/khogiaodienmau.net\/trumtheme\/wp-json\/wp\/v2\/media\/4807"}],"wp:attachment":[{"href":"https:\/\/khogiaodienmau.net\/trumtheme\/wp-json\/wp\/v2\/media?parent=4806"}],"wp:term":[{"taxonomy":"product_brand","embeddable":true,"href":"https:\/\/khogiaodienmau.net\/trumtheme\/wp-json\/wp\/v2\/product_brand?post=4806"},{"taxonomy":"product_cat","embeddable":true,"href":"https:\/\/khogiaodienmau.net\/trumtheme\/wp-json\/wp\/v2\/product_cat?post=4806"},{"taxonomy":"product_tag","embeddable":true,"href":"https:\/\/khogiaodienmau.net\/trumtheme\/wp-json\/wp\/v2\/product_tag?post=4806"}],"curies":[{"name":"wp","href":"https:\/\/api.w.org\/{rel}","templated":true}]}}