{"id":4735,"date":"2023-10-01T15:46:04","date_gmt":"2023-10-01T15:46:04","guid":{"rendered":"https:\/\/khogiaodienmau.net\/trumtheme\/?post_type=product&#038;p=4735"},"modified":"2023-10-01T15:46:04","modified_gmt":"2023-10-01T15:46:04","slug":"theme-wordpress-gioi-thieu-cong-ty-xay-dung-dien-gio","status":"publish","type":"product","link":"https:\/\/khogiaodienmau.net\/trumtheme\/themes\/theme-wordpress-gioi-thieu-cong-ty-xay-dung-dien-gio\/","title":{"rendered":"Theme wordpress gi\u1edbi thi\u1ec7u c\u00f4ng ty x\u00e2y d\u1ef1ng \u0111i\u1ec7n gi\u00f3"},"content":{"rendered":"","protected":false},"excerpt":{"rendered":"<p>V\u1edbi theme WordPress gi\u1edbi thi\u1ec7u c\u00f4ng ty x\u00e2y d\u1ef1ng \u0111i\u1ec7n gi\u00f3 n\u00e0y, b\u1ea1n s\u1ebd c\u00f3 c\u01a1 h\u1ed9i th\u1ec3 hi\u1ec7n s\u1ef1 ti\u00ean phong v\u00e0 s\u00e1ng t\u1ea1o c\u1ee7a m\u00ecnh trong l\u0129nh v\u1ef1c n\u0103ng l\u01b0\u1ee3ng t\u00e1i t\u1ea1o quan tr\u1ecdng n\u00e0y.<\/p>\n","protected":false},"featured_media":4736,"comment_status":"open","ping_status":"closed","template":"","meta":[],"product_brand":[],"product_cat":[56,50,33],"product_tag":[],"class_list":{"0":"post-4735","1":"product","2":"type-product","3":"status-publish","4":"has-post-thumbnail","6":"product_cat-theme-wordpress-co-khi","7":"product_cat-theme-wordpress-gioi-thieu-cong-ty","8":"product_cat-theme-wordpress-xay-dung","10":"first","11":"instock","12":"sale","13":"downloadable","14":"shipping-taxable","15":"purchasable","16":"product-type-simple"},"acf":[],"_links":{"self":[{"href":"https:\/\/khogiaodienmau.net\/trumtheme\/wp-json\/wp\/v2\/product\/4735"}],"collection":[{"href":"https:\/\/khogiaodienmau.net\/trumtheme\/wp-json\/wp\/v2\/product"}],"about":[{"href":"https:\/\/khogiaodienmau.net\/trumtheme\/wp-json\/wp\/v2\/types\/product"}],"replies":[{"embeddable":true,"href":"https:\/\/khogiaodienmau.net\/trumtheme\/wp-json\/wp\/v2\/comments?post=4735"}],"wp:featuredmedia":[{"embeddable":true,"href":"https:\/\/khogiaodienmau.net\/trumtheme\/wp-json\/wp\/v2\/media\/4736"}],"wp:attachment":[{"href":"https:\/\/khogiaodienmau.net\/trumtheme\/wp-json\/wp\/v2\/media?parent=4735"}],"wp:term":[{"taxonomy":"product_brand","embeddable":true,"href":"https:\/\/khogiaodienmau.net\/trumtheme\/wp-json\/wp\/v2\/product_brand?post=4735"},{"taxonomy":"product_cat","embeddable":true,"href":"https:\/\/khogiaodienmau.net\/trumtheme\/wp-json\/wp\/v2\/product_cat?post=4735"},{"taxonomy":"product_tag","embeddable":true,"href":"https:\/\/khogiaodienmau.net\/trumtheme\/wp-json\/wp\/v2\/product_tag?post=4735"}],"curies":[{"name":"wp","href":"https:\/\/api.w.org\/{rel}","templated":true}]}}