{"id":4512,"date":"2023-08-23T05:07:08","date_gmt":"2023-08-23T05:07:08","guid":{"rendered":"https:\/\/khogiaodienmau.net\/trumtheme\/?post_type=product&#038;p=4512"},"modified":"2023-08-23T06:02:32","modified_gmt":"2023-08-23T06:02:32","slug":"theme-wordpress-ban-man-hinh-led-thiet-bi-dien-tu","status":"publish","type":"product","link":"https:\/\/khogiaodienmau.net\/trumtheme\/themes\/theme-wordpress-ban-man-hinh-led-thiet-bi-dien-tu\/","title":{"rendered":"Theme WordPress B\u00e1n M\u00e0n H\u00ecnh LED ,thi\u1ebft b\u1ecb \u0111i\u1ec7n t\u1eed"},"content":{"rendered":"","protected":false},"excerpt":{"rendered":"<p><b>T<\/b>heme WordPress B\u00e1n M\u00e0n H\u00ecnh LED l\u00e0 s\u1ef1 k\u1ebft h\u1ee3p ho\u00e0n h\u1ea3o gi\u1eefa thi\u1ebft k\u1ebf \u0111\u1eb9p m\u1eaft, t\u00ednh n\u0103ng m\u1ea1nh m\u1ebd v\u00e0 t\u01b0\u01a1ng th\u00edch \u0111a n\u1ec1n t\u1ea3ng. N\u1ebfu b\u1ea1n \u0111ang t\u00ecm ki\u1ebfm m\u1ed9t gi\u1ea3i ph\u00e1p to\u00e0n di\u1ec7n \u0111\u1ec3 x\u00e2y d\u1ef1ng trang web b\u00e1n h\u00e0ng cho m\u00e0n h\u00ecnh LED c\u1ee7a m\u00ecnh, \u0111\u1eebng b\u1ecf l\u1ee1 c\u01a1 h\u1ed9i tr\u1ea3i nghi\u1ec7m Theme n\u00e0y. H\u00e3y \u0111\u1ec3 \u00e1nh s\u00e1ng v\u00e0 m\u00e0u s\u1eafc c\u1ee7a s\u1ea3n ph\u1ea9m LED th\u1ec3 hi\u1ec7n qua trang web c\u1ee7a b\u1ea1n v\u00e0 thu h\u00fat s\u1ef1 ch\u00fa \u00fd t\u1eeb kh\u00e1ch h\u00e0ng ti\u1ec1m n\u0103ng.<\/p>\n","protected":false},"featured_media":4513,"comment_status":"open","ping_status":"closed","template":"","meta":[],"product_brand":[],"product_cat":[80,46,26,27],"product_tag":[],"class_list":{"0":"post-4512","1":"product","2":"type-product","3":"status-publish","4":"has-post-thumbnail","6":"product_cat-nha-mang-vien-thong","7":"product_cat-theme-hot","8":"product_cat-theme-wordpress-ban-hang","9":"product_cat-theme-wordpress-dien-may","11":"first","12":"instock","13":"sale","14":"downloadable","15":"shipping-taxable","16":"purchasable","17":"product-type-simple"},"acf":[],"_links":{"self":[{"href":"https:\/\/khogiaodienmau.net\/trumtheme\/wp-json\/wp\/v2\/product\/4512"}],"collection":[{"href":"https:\/\/khogiaodienmau.net\/trumtheme\/wp-json\/wp\/v2\/product"}],"about":[{"href":"https:\/\/khogiaodienmau.net\/trumtheme\/wp-json\/wp\/v2\/types\/product"}],"replies":[{"embeddable":true,"href":"https:\/\/khogiaodienmau.net\/trumtheme\/wp-json\/wp\/v2\/comments?post=4512"}],"wp:featuredmedia":[{"embeddable":true,"href":"https:\/\/khogiaodienmau.net\/trumtheme\/wp-json\/wp\/v2\/media\/4513"}],"wp:attachment":[{"href":"https:\/\/khogiaodienmau.net\/trumtheme\/wp-json\/wp\/v2\/media?parent=4512"}],"wp:term":[{"taxonomy":"product_brand","embeddable":true,"href":"https:\/\/khogiaodienmau.net\/trumtheme\/wp-json\/wp\/v2\/product_brand?post=4512"},{"taxonomy":"product_cat","embeddable":true,"href":"https:\/\/khogiaodienmau.net\/trumtheme\/wp-json\/wp\/v2\/product_cat?post=4512"},{"taxonomy":"product_tag","embeddable":true,"href":"https:\/\/khogiaodienmau.net\/trumtheme\/wp-json\/wp\/v2\/product_tag?post=4512"}],"curies":[{"name":"wp","href":"https:\/\/api.w.org\/{rel}","templated":true}]}}