{"id":3300,"date":"2023-04-19T14:54:54","date_gmt":"2023-04-19T14:54:54","guid":{"rendered":"https:\/\/khogiaodienmau.net\/trumtheme\/?post_type=product&#038;p=3300"},"modified":"2023-08-27T04:04:06","modified_gmt":"2023-08-27T04:04:06","slug":"theme-wordpress-vay-von-tai-chinh-03-fe-credit","status":"publish","type":"product","link":"https:\/\/khogiaodienmau.net\/trumtheme\/themes\/theme-wordpress-vay-von-tai-chinh-03-fe-credit\/","title":{"rendered":"Theme WordPress vay v\u1ed1n, t\u00e0i ch\u00ednh 03 FE credit"},"content":{"rendered":"","protected":false},"excerpt":{"rendered":"<p>Theme WordPress vay v\u1ed1n l\u00e0 m\u1ed9t ch\u1ee7 \u0111\u1ec1 thi\u1ebft k\u1ebf d\u00e0nh ri\u00eang cho c\u00e1c trang web ho\u1eb7c blog li\u00ean quan \u0111\u1ebfn l\u0129nh v\u1ef1c vay v\u1ed1n, ng\u00e2n h\u00e0ng, t\u00edn d\u1ee5ng, ho\u1eb7c c\u00e1c d\u1ecbch v\u1ee5 t\u00e0i ch\u00ednh li\u00ean quan<\/p>\n","protected":false},"featured_media":3301,"comment_status":"open","ping_status":"closed","template":"","meta":[],"product_brand":[],"product_cat":[46,57,50],"product_tag":[],"class_list":{"0":"post-3300","1":"product","2":"type-product","3":"status-publish","4":"has-post-thumbnail","6":"product_cat-theme-hot","7":"product_cat-theme-wordpress-dich-vu","8":"product_cat-theme-wordpress-gioi-thieu-cong-ty","10":"first","11":"instock","12":"sale","13":"downloadable","14":"shipping-taxable","15":"purchasable","16":"product-type-simple"},"acf":[],"_links":{"self":[{"href":"https:\/\/khogiaodienmau.net\/trumtheme\/wp-json\/wp\/v2\/product\/3300"}],"collection":[{"href":"https:\/\/khogiaodienmau.net\/trumtheme\/wp-json\/wp\/v2\/product"}],"about":[{"href":"https:\/\/khogiaodienmau.net\/trumtheme\/wp-json\/wp\/v2\/types\/product"}],"replies":[{"embeddable":true,"href":"https:\/\/khogiaodienmau.net\/trumtheme\/wp-json\/wp\/v2\/comments?post=3300"}],"wp:featuredmedia":[{"embeddable":true,"href":"https:\/\/khogiaodienmau.net\/trumtheme\/wp-json\/wp\/v2\/media\/3301"}],"wp:attachment":[{"href":"https:\/\/khogiaodienmau.net\/trumtheme\/wp-json\/wp\/v2\/media?parent=3300"}],"wp:term":[{"taxonomy":"product_brand","embeddable":true,"href":"https:\/\/khogiaodienmau.net\/trumtheme\/wp-json\/wp\/v2\/product_brand?post=3300"},{"taxonomy":"product_cat","embeddable":true,"href":"https:\/\/khogiaodienmau.net\/trumtheme\/wp-json\/wp\/v2\/product_cat?post=3300"},{"taxonomy":"product_tag","embeddable":true,"href":"https:\/\/khogiaodienmau.net\/trumtheme\/wp-json\/wp\/v2\/product_tag?post=3300"}],"curies":[{"name":"wp","href":"https:\/\/api.w.org\/{rel}","templated":true}]}}