{"id":3254,"date":"2023-07-08T19:23:36","date_gmt":"2023-07-08T19:23:36","guid":{"rendered":"https:\/\/khogiaodienmau.net\/trumtheme\/?post_type=product&#038;p=3254"},"modified":"2023-09-21T16:57:34","modified_gmt":"2023-09-21T16:57:34","slug":"theme-wordpress-truong-anh-ngu","status":"publish","type":"product","link":"https:\/\/khogiaodienmau.net\/trumtheme\/themes\/theme-wordpress-truong-anh-ngu\/","title":{"rendered":"Theme WordPress Tr\u01b0\u1eddng Anh ng\u1eef"},"content":{"rendered":"","protected":false},"excerpt":{"rendered":"<p>Theme WordPress Tr\u01b0\u1eddng Anh ng\u1eef\u00a0 l\u00e0 m\u1ed9t ch\u1ee7 \u0111\u1ec1 \u0111\u01b0\u1ee3c thi\u1ebft k\u1ebf \u0111\u1eb7c bi\u1ec7t \u0111\u1ec3 ph\u00f9 h\u1ee3p v\u1edbi c\u00e1c trang web c\u1ee7a c\u00e1c tr\u01b0\u1eddng Anh ng\u1eef, trung t\u00e2m ngo\u1ea1i ng\u1eef ho\u1eb7c c\u00e1c t\u1ed5 ch\u1ee9c gi\u1ea3ng d\u1ea1y ti\u1ebfng Anh. Ch\u1ee7 \u0111\u1ec1 n\u00e0y gi\u00fap b\u1ea1n t\u1ea1o ra m\u1ed9t trang web chuy\u00ean nghi\u1ec7p v\u00e0 h\u1ea5p d\u1eabn, \u0111\u1ed3ng th\u1eddi cung c\u1ea5p c\u00e1c t\u00ednh n\u0103ng v\u00e0 ch\u1ee9c n\u0103ng quan tr\u1ecdng cho vi\u1ec7c qu\u1ea3n l\u00fd v\u00e0 tri\u1ec3n khai c\u00e1c kh\u00f3a h\u1ecdc, th\u00f4ng tin gi\u1ea3ng vi\u00ean v\u00e0 c\u00e1c t\u00e0i li\u1ec7u h\u1ecdc t\u1eadp.<\/p>\n","protected":false},"featured_media":3255,"comment_status":"open","ping_status":"closed","template":"","meta":[],"product_brand":[],"product_cat":[46,50,55],"product_tag":[],"class_list":{"0":"post-3254","1":"product","2":"type-product","3":"status-publish","4":"has-post-thumbnail","6":"product_cat-theme-hot","7":"product_cat-theme-wordpress-gioi-thieu-cong-ty","8":"product_cat-theme-wordpress-truong-hoc","10":"first","11":"instock","12":"sale","13":"downloadable","14":"shipping-taxable","15":"purchasable","16":"product-type-simple"},"acf":[],"_links":{"self":[{"href":"https:\/\/khogiaodienmau.net\/trumtheme\/wp-json\/wp\/v2\/product\/3254"}],"collection":[{"href":"https:\/\/khogiaodienmau.net\/trumtheme\/wp-json\/wp\/v2\/product"}],"about":[{"href":"https:\/\/khogiaodienmau.net\/trumtheme\/wp-json\/wp\/v2\/types\/product"}],"replies":[{"embeddable":true,"href":"https:\/\/khogiaodienmau.net\/trumtheme\/wp-json\/wp\/v2\/comments?post=3254"}],"wp:featuredmedia":[{"embeddable":true,"href":"https:\/\/khogiaodienmau.net\/trumtheme\/wp-json\/wp\/v2\/media\/3255"}],"wp:attachment":[{"href":"https:\/\/khogiaodienmau.net\/trumtheme\/wp-json\/wp\/v2\/media?parent=3254"}],"wp:term":[{"taxonomy":"product_brand","embeddable":true,"href":"https:\/\/khogiaodienmau.net\/trumtheme\/wp-json\/wp\/v2\/product_brand?post=3254"},{"taxonomy":"product_cat","embeddable":true,"href":"https:\/\/khogiaodienmau.net\/trumtheme\/wp-json\/wp\/v2\/product_cat?post=3254"},{"taxonomy":"product_tag","embeddable":true,"href":"https:\/\/khogiaodienmau.net\/trumtheme\/wp-json\/wp\/v2\/product_tag?post=3254"}],"curies":[{"name":"wp","href":"https:\/\/api.w.org\/{rel}","templated":true}]}}