{"id":3216,"date":"2023-07-05T15:58:15","date_gmt":"2023-07-05T15:58:15","guid":{"rendered":"https:\/\/khogiaodienmau.net\/trumtheme\/?post_type=product&#038;p=3216"},"modified":"2023-07-05T16:02:17","modified_gmt":"2023-07-05T16:02:17","slug":"theme-wordpress-nong-san-3","status":"publish","type":"product","link":"https:\/\/khogiaodienmau.net\/trumtheme\/themes\/theme-wordpress-nong-san-3\/","title":{"rendered":"Theme wordpress n\u00f4ng s\u1ea3n 3"},"content":{"rendered":"","protected":false},"excerpt":{"rendered":"<p>Theme WordPress N\u00f4ng S\u1ea3n 3 cung c\u1ea5p nhi\u1ec1u t\u00ednh n\u0103ng v\u00e0 t\u00f9y ch\u1ecdn t\u00f9y ch\u1ec9nh \u0111\u1ec3 b\u1ea1n c\u00f3 th\u1ec3 hi\u1ec3n th\u1ecb th\u00f4ng tin v\u1ec1 n\u00f4ng s\u1ea3n m\u1ed9t c\u00e1ch chuy\u00ean nghi\u1ec7p. B\u1ea1n c\u00f3 th\u1ec3 hi\u1ec3n th\u1ecb danh s\u00e1ch s\u1ea3n ph\u1ea9m n\u00f4ng nghi\u1ec7p, m\u00f4 t\u1ea3 chi ti\u1ebft, h\u00ecnh \u1ea3nh v\u00e0 th\u00f4ng tin li\u00ean h\u1ec7. Theme c\u0169ng t\u00edch h\u1ee3p t\u00ednh n\u0103ng c\u1eeda h\u00e0ng tr\u1ef1c tuy\u1ebfn, cho ph\u00e9p kh\u00e1ch h\u00e0ng d\u1ec5 d\u00e0ng xem v\u00e0 mua s\u1eafm c\u00e1c s\u1ea3n ph\u1ea9m n\u00f4ng s\u1ea3n t\u1eeb trang web c\u1ee7a b\u1ea1n.<\/p>\n","protected":false},"featured_media":3227,"comment_status":"open","ping_status":"closed","template":"","meta":[],"product_brand":[],"product_cat":[46,26,73,32],"product_tag":[],"class_list":{"0":"post-3216","1":"product","2":"type-product","3":"status-publish","4":"has-post-thumbnail","6":"product_cat-theme-hot","7":"product_cat-theme-wordpress-ban-hang","8":"product_cat-theme-wordpress-nong-san","9":"product_cat-theme-wordpress-thuc-pham","11":"first","12":"instock","13":"sale","14":"downloadable","15":"shipping-taxable","16":"purchasable","17":"product-type-simple"},"acf":[],"_links":{"self":[{"href":"https:\/\/khogiaodienmau.net\/trumtheme\/wp-json\/wp\/v2\/product\/3216"}],"collection":[{"href":"https:\/\/khogiaodienmau.net\/trumtheme\/wp-json\/wp\/v2\/product"}],"about":[{"href":"https:\/\/khogiaodienmau.net\/trumtheme\/wp-json\/wp\/v2\/types\/product"}],"replies":[{"embeddable":true,"href":"https:\/\/khogiaodienmau.net\/trumtheme\/wp-json\/wp\/v2\/comments?post=3216"}],"wp:featuredmedia":[{"embeddable":true,"href":"https:\/\/khogiaodienmau.net\/trumtheme\/wp-json\/wp\/v2\/media\/3227"}],"wp:attachment":[{"href":"https:\/\/khogiaodienmau.net\/trumtheme\/wp-json\/wp\/v2\/media?parent=3216"}],"wp:term":[{"taxonomy":"product_brand","embeddable":true,"href":"https:\/\/khogiaodienmau.net\/trumtheme\/wp-json\/wp\/v2\/product_brand?post=3216"},{"taxonomy":"product_cat","embeddable":true,"href":"https:\/\/khogiaodienmau.net\/trumtheme\/wp-json\/wp\/v2\/product_cat?post=3216"},{"taxonomy":"product_tag","embeddable":true,"href":"https:\/\/khogiaodienmau.net\/trumtheme\/wp-json\/wp\/v2\/product_tag?post=3216"}],"curies":[{"name":"wp","href":"https:\/\/api.w.org\/{rel}","templated":true}]}}