{"id":3196,"date":"2023-07-06T10:31:11","date_gmt":"2023-07-06T10:31:11","guid":{"rendered":"https:\/\/khogiaodienmau.net\/trumtheme\/?post_type=product&#038;p=3196"},"modified":"2023-07-08T16:57:43","modified_gmt":"2023-07-08T16:57:43","slug":"theme-wordpress-nhom-kinh-4","status":"publish","type":"product","link":"https:\/\/khogiaodienmau.net\/trumtheme\/themes\/theme-wordpress-nhom-kinh-4\/","title":{"rendered":"Theme wordpress nh\u00f4m k\u00ednh 4"},"content":{"rendered":"","protected":false},"excerpt":{"rendered":"<p>Theme WordPress Nh\u00f4m K\u00ednh 4, b\u1ea1n c\u00f3 kh\u1ea3 n\u0103ng tr\u01b0ng b\u00e0y v\u00e0 qu\u1ea3n l\u00fd danh s\u00e1ch s\u1ea3n ph\u1ea9m nh\u00f4m k\u00ednh m\u1ed9t c\u00e1ch chuy\u00ean nghi\u1ec7p. B\u1ea1n c\u00f3 th\u1ec3 hi\u1ec3n th\u1ecb th\u00f4ng tin chi ti\u1ebft v\u1ec1 t\u1eebng s\u1ea3n ph\u1ea9m, t\u00ednh n\u0103ng, k\u00edch th\u01b0\u1edbc v\u00e0 m\u00f4 t\u1ea3. Theme c\u0169ng t\u00edch h\u1ee3p c\u1eeda h\u00e0ng tr\u1ef1c tuy\u1ebfn, cho ph\u00e9p kh\u00e1ch h\u00e0ng d\u1ec5 d\u00e0ng mua s\u1eafm v\u00e0 thanh to\u00e1n tr\u1ef1c tuy\u1ebfn t\u1eeb trang web c\u1ee7a b\u1ea1n.<\/p>\n","protected":false},"featured_media":3197,"comment_status":"open","ping_status":"closed","template":"","meta":[],"product_brand":[],"product_cat":[46,56,50,39,33],"product_tag":[113,112,64],"class_list":{"0":"post-3196","1":"product","2":"type-product","3":"status-publish","4":"has-post-thumbnail","6":"product_cat-theme-hot","7":"product_cat-theme-wordpress-co-khi","8":"product_cat-theme-wordpress-gioi-thieu-cong-ty","9":"product_cat-theme-wordpress-noi-that","10":"product_cat-theme-wordpress-xay-dung","11":"product_tag-cua-kinh","12":"product_tag-cua-nhom","13":"product_tag-nhom-kinh","15":"first","16":"instock","17":"sale","18":"downloadable","19":"shipping-taxable","20":"purchasable","21":"product-type-simple"},"acf":[],"_links":{"self":[{"href":"https:\/\/khogiaodienmau.net\/trumtheme\/wp-json\/wp\/v2\/product\/3196"}],"collection":[{"href":"https:\/\/khogiaodienmau.net\/trumtheme\/wp-json\/wp\/v2\/product"}],"about":[{"href":"https:\/\/khogiaodienmau.net\/trumtheme\/wp-json\/wp\/v2\/types\/product"}],"replies":[{"embeddable":true,"href":"https:\/\/khogiaodienmau.net\/trumtheme\/wp-json\/wp\/v2\/comments?post=3196"}],"wp:featuredmedia":[{"embeddable":true,"href":"https:\/\/khogiaodienmau.net\/trumtheme\/wp-json\/wp\/v2\/media\/3197"}],"wp:attachment":[{"href":"https:\/\/khogiaodienmau.net\/trumtheme\/wp-json\/wp\/v2\/media?parent=3196"}],"wp:term":[{"taxonomy":"product_brand","embeddable":true,"href":"https:\/\/khogiaodienmau.net\/trumtheme\/wp-json\/wp\/v2\/product_brand?post=3196"},{"taxonomy":"product_cat","embeddable":true,"href":"https:\/\/khogiaodienmau.net\/trumtheme\/wp-json\/wp\/v2\/product_cat?post=3196"},{"taxonomy":"product_tag","embeddable":true,"href":"https:\/\/khogiaodienmau.net\/trumtheme\/wp-json\/wp\/v2\/product_tag?post=3196"}],"curies":[{"name":"wp","href":"https:\/\/api.w.org\/{rel}","templated":true}]}}