{"id":3014,"date":"2023-07-04T04:21:33","date_gmt":"2023-07-04T04:21:33","guid":{"rendered":"https:\/\/khogiaodienmau.net\/trumtheme\/?post_type=product&#038;p=3014"},"modified":"2023-07-04T04:22:31","modified_gmt":"2023-07-04T04:22:31","slug":"theme-wordpress-tap-hoa-bach-hoa-xanh-5","status":"publish","type":"product","link":"https:\/\/khogiaodienmau.net\/trumtheme\/themes\/theme-wordpress-tap-hoa-bach-hoa-xanh-5\/","title":{"rendered":"Theme wordpress t\u1ea1p h\u00f3a b\u00e1ch h\u00f3a xanh 5"},"content":{"rendered":"","protected":false},"excerpt":{"rendered":"<p>Theme wordpress t\u1ea1p h\u00f3a b\u00e1ch h\u00f3a xanh 5 c\u00f3 m\u1ed9t b\u1ed9 s\u01b0u t\u1eadp \u0111a d\u1ea1ng c\u00e1c trang ch\u1ee7 v\u00e0 b\u1ed1 c\u1ee5c \u0111\u1ec3 b\u1ea1n l\u1ef1a ch\u1ecdn. B\u1ea1n c\u00f3 th\u1ec3 t\u1ea1o ra m\u1ed9t trang ch\u1ee7 \u0111\u01a1n gi\u1ea3n, trang ch\u1ee7 t\u0129nh ho\u1eb7c trang ch\u1ee7 nhi\u1ec1u ph\u1ea7n. Ngo\u00e0i ra, theme c\u0169ng cung c\u1ea5p nhi\u1ec1u lo\u1ea1i tr\u00ecnh tr\u00ecnh b\u00e0y s\u1ea3n ph\u1ea9m kh\u00e1c nhau, t\u1eeb danh s\u00e1ch \u0111\u1ebfn l\u01b0\u1edbi, gi\u00fap b\u1ea1n hi\u1ec3n th\u1ecb s\u1ea3n ph\u1ea9m m\u1ed9t c\u00e1ch s\u00e1ng t\u1ea1o v\u00e0 thu h\u00fat s\u1ef1 ch\u00fa \u00fd c\u1ee7a kh\u00e1ch h\u00e0ng.<\/p>\n","protected":false},"featured_media":3015,"comment_status":"open","ping_status":"closed","template":"","meta":[],"product_brand":[],"product_cat":[46,26,73,32],"product_tag":[],"class_list":{"0":"post-3014","1":"product","2":"type-product","3":"status-publish","4":"has-post-thumbnail","6":"product_cat-theme-hot","7":"product_cat-theme-wordpress-ban-hang","8":"product_cat-theme-wordpress-nong-san","9":"product_cat-theme-wordpress-thuc-pham","11":"first","12":"instock","13":"sale","14":"downloadable","15":"shipping-taxable","16":"purchasable","17":"product-type-simple"},"acf":[],"_links":{"self":[{"href":"https:\/\/khogiaodienmau.net\/trumtheme\/wp-json\/wp\/v2\/product\/3014"}],"collection":[{"href":"https:\/\/khogiaodienmau.net\/trumtheme\/wp-json\/wp\/v2\/product"}],"about":[{"href":"https:\/\/khogiaodienmau.net\/trumtheme\/wp-json\/wp\/v2\/types\/product"}],"replies":[{"embeddable":true,"href":"https:\/\/khogiaodienmau.net\/trumtheme\/wp-json\/wp\/v2\/comments?post=3014"}],"wp:featuredmedia":[{"embeddable":true,"href":"https:\/\/khogiaodienmau.net\/trumtheme\/wp-json\/wp\/v2\/media\/3015"}],"wp:attachment":[{"href":"https:\/\/khogiaodienmau.net\/trumtheme\/wp-json\/wp\/v2\/media?parent=3014"}],"wp:term":[{"taxonomy":"product_brand","embeddable":true,"href":"https:\/\/khogiaodienmau.net\/trumtheme\/wp-json\/wp\/v2\/product_brand?post=3014"},{"taxonomy":"product_cat","embeddable":true,"href":"https:\/\/khogiaodienmau.net\/trumtheme\/wp-json\/wp\/v2\/product_cat?post=3014"},{"taxonomy":"product_tag","embeddable":true,"href":"https:\/\/khogiaodienmau.net\/trumtheme\/wp-json\/wp\/v2\/product_tag?post=3014"}],"curies":[{"name":"wp","href":"https:\/\/api.w.org\/{rel}","templated":true}]}}