{"id":2940,"date":"2023-06-27T07:19:55","date_gmt":"2023-06-27T07:19:55","guid":{"rendered":"https:\/\/khogiaodienmau.net\/trumtheme\/?post_type=product&#038;p=2940"},"modified":"2023-06-28T16:14:52","modified_gmt":"2023-06-28T16:14:52","slug":"theme-wordpress-ban-cay-xanh-nhiet-doi","status":"publish","type":"product","link":"https:\/\/khogiaodienmau.net\/trumtheme\/themes\/theme-wordpress-ban-cay-xanh-nhiet-doi\/","title":{"rendered":"Theme wordpress b\u00e1n c\u00e2y xanh nhi\u1ec7t \u0111\u1edbi ,c\u00e2y xanh 2"},"content":{"rendered":"","protected":false},"excerpt":{"rendered":"<p>Theme WordPress B\u00e1n C\u00e2y Xanh c\u0169ng \u0111i k\u00e8m v\u1edbi t\u00ednh n\u0103ng \u0111\u1eb7t h\u00e0ng tr\u1ef1c tuy\u1ebfn, gi\u00fap kh\u00e1ch h\u00e0ng d\u1ec5 d\u00e0ng ch\u1ecdn mua c\u00e2y y\u00eau th\u00edch v\u00e0 th\u00eam v\u00e0o gi\u1ecf h\u00e0ng. Ngo\u00e0i ra, t\u00edch h\u1ee3p thanh to\u00e1n an to\u00e0n v\u00e0 giao di\u1ec7n qu\u1ea3n l\u00fd \u0111\u01a1n h\u00e0ng gi\u00fap b\u1ea1n theo d\u00f5i v\u00e0 x\u1eed l\u00fd c\u00e1c \u0111\u01a1n h\u00e0ng m\u1ed9t c\u00e1ch hi\u1ec7u qu\u1ea3.<\/p>\n","protected":false},"featured_media":2941,"comment_status":"open","ping_status":"closed","template":"","meta":[],"product_brand":[],"product_cat":[46,26],"product_tag":[86,87],"class_list":{"0":"post-2940","1":"product","2":"type-product","3":"status-publish","4":"has-post-thumbnail","6":"product_cat-theme-hot","7":"product_cat-theme-wordpress-ban-hang","8":"product_tag-cay-xanh-2","9":"product_tag-cayxanh2","11":"first","12":"instock","13":"sale","14":"downloadable","15":"shipping-taxable","16":"purchasable","17":"product-type-simple"},"acf":[],"_links":{"self":[{"href":"https:\/\/khogiaodienmau.net\/trumtheme\/wp-json\/wp\/v2\/product\/2940"}],"collection":[{"href":"https:\/\/khogiaodienmau.net\/trumtheme\/wp-json\/wp\/v2\/product"}],"about":[{"href":"https:\/\/khogiaodienmau.net\/trumtheme\/wp-json\/wp\/v2\/types\/product"}],"replies":[{"embeddable":true,"href":"https:\/\/khogiaodienmau.net\/trumtheme\/wp-json\/wp\/v2\/comments?post=2940"}],"wp:featuredmedia":[{"embeddable":true,"href":"https:\/\/khogiaodienmau.net\/trumtheme\/wp-json\/wp\/v2\/media\/2941"}],"wp:attachment":[{"href":"https:\/\/khogiaodienmau.net\/trumtheme\/wp-json\/wp\/v2\/media?parent=2940"}],"wp:term":[{"taxonomy":"product_brand","embeddable":true,"href":"https:\/\/khogiaodienmau.net\/trumtheme\/wp-json\/wp\/v2\/product_brand?post=2940"},{"taxonomy":"product_cat","embeddable":true,"href":"https:\/\/khogiaodienmau.net\/trumtheme\/wp-json\/wp\/v2\/product_cat?post=2940"},{"taxonomy":"product_tag","embeddable":true,"href":"https:\/\/khogiaodienmau.net\/trumtheme\/wp-json\/wp\/v2\/product_tag?post=2940"}],"curies":[{"name":"wp","href":"https:\/\/api.w.org\/{rel}","templated":true}]}}