{"id":2897,"date":"2023-06-26T16:18:21","date_gmt":"2023-06-26T16:18:21","guid":{"rendered":"https:\/\/khogiaodienmau.net\/trumtheme\/?post_type=product&#038;p=2897"},"modified":"2023-06-26T16:18:22","modified_gmt":"2023-06-26T16:18:22","slug":"theme-wordpress-tin-tuc-3","status":"publish","type":"product","link":"https:\/\/khogiaodienmau.net\/trumtheme\/themes\/theme-wordpress-tin-tuc-3\/","title":{"rendered":"Theme wordpress tin t\u1ee9c 3"},"content":{"rendered":"","protected":false},"excerpt":{"rendered":"<p>Theme WordPress tin t\u1ee9c 3 c\u0169ng \u0111\u01b0\u1ee3c t\u00edch h\u1ee3p v\u1edbi c\u00e1c t\u00ednh n\u0103ng m\u1ea1nh m\u1ebd gi\u00fap b\u1ea1n qu\u1ea3n l\u00fd v\u00e0 t\u1ed5 ch\u1ee9c n\u1ed9i dung m\u1ed9t c\u00e1ch hi\u1ec7u qu\u1ea3. V\u1edbi c\u00e1c kh\u1ed1i n\u1ed9i dung (content blocks) \u0111\u01b0\u1ee3c t\u1ea1o s\u1eb5n, b\u1ea1n c\u00f3 th\u1ec3 d\u1ec5 d\u00e0ng t\u1ea1o ra c\u00e1c b\u00e0i vi\u1ebft, b\u00e0i b\u00e1o, danh m\u1ee5c v\u00e0 trang t\u0129nh<\/p>\n","protected":false},"featured_media":2899,"comment_status":"open","ping_status":"closed","template":"","meta":[],"product_brand":[],"product_cat":[46,18],"product_tag":[],"class_list":{"0":"post-2897","1":"product","2":"type-product","3":"status-publish","4":"has-post-thumbnail","6":"product_cat-theme-hot","7":"product_cat-theme-wordpress-tin-tuc","9":"first","10":"instock","11":"sale","12":"downloadable","13":"shipping-taxable","14":"purchasable","15":"product-type-simple"},"acf":[],"_links":{"self":[{"href":"https:\/\/khogiaodienmau.net\/trumtheme\/wp-json\/wp\/v2\/product\/2897"}],"collection":[{"href":"https:\/\/khogiaodienmau.net\/trumtheme\/wp-json\/wp\/v2\/product"}],"about":[{"href":"https:\/\/khogiaodienmau.net\/trumtheme\/wp-json\/wp\/v2\/types\/product"}],"replies":[{"embeddable":true,"href":"https:\/\/khogiaodienmau.net\/trumtheme\/wp-json\/wp\/v2\/comments?post=2897"}],"wp:featuredmedia":[{"embeddable":true,"href":"https:\/\/khogiaodienmau.net\/trumtheme\/wp-json\/wp\/v2\/media\/2899"}],"wp:attachment":[{"href":"https:\/\/khogiaodienmau.net\/trumtheme\/wp-json\/wp\/v2\/media?parent=2897"}],"wp:term":[{"taxonomy":"product_brand","embeddable":true,"href":"https:\/\/khogiaodienmau.net\/trumtheme\/wp-json\/wp\/v2\/product_brand?post=2897"},{"taxonomy":"product_cat","embeddable":true,"href":"https:\/\/khogiaodienmau.net\/trumtheme\/wp-json\/wp\/v2\/product_cat?post=2897"},{"taxonomy":"product_tag","embeddable":true,"href":"https:\/\/khogiaodienmau.net\/trumtheme\/wp-json\/wp\/v2\/product_tag?post=2897"}],"curies":[{"name":"wp","href":"https:\/\/api.w.org\/{rel}","templated":true}]}}