{"id":2873,"date":"2023-06-26T13:02:36","date_gmt":"2023-06-26T13:02:36","guid":{"rendered":"https:\/\/khogiaodienmau.net\/trumtheme\/?post_type=product&#038;p=2873"},"modified":"2023-06-26T13:02:37","modified_gmt":"2023-06-26T13:02:37","slug":"theme-wordpress-chu-ky-so-gioi-thieu-cong-ty","status":"publish","type":"product","link":"https:\/\/khogiaodienmau.net\/trumtheme\/themes\/theme-wordpress-chu-ky-so-gioi-thieu-cong-ty\/","title":{"rendered":"Theme wordpress ch\u1eed k\u00fd s\u1ed1 ,gi\u1edbi thi\u1ec7u c\u00f4ng ty"},"content":{"rendered":"","protected":false},"excerpt":{"rendered":"<p>Theme wordpress ch\u1eed k\u00fd s\u1ed1 t\u00edch h\u1ee3p c\u00e1c c\u00f4ng c\u1ee5 v\u00e0 ti\u1ec7n \u00edch ch\u1eef k\u00fd s\u1ed1 \u0111\u1ec3 kh\u00e1ch h\u00e0ng c\u00f3 th\u1ec3 t\u1ea1o v\u00e0 x\u00e1c minh ch\u1eef k\u00fd s\u1ed1 m\u1ed9t c\u00e1ch d\u1ec5 d\u00e0ng. \u0110i\u1ec1u n\u00e0y t\u1ea1o ra s\u1ef1 ti\u1ec7n l\u1ee3i v\u00e0 tin c\u1eady cho kh\u00e1ch h\u00e0ng khi th\u1ef1c hi\u1ec7n c\u00e1c giao d\u1ecbch \u0111i\u1ec7n t\u1eed ho\u1eb7c truy\u1ec1n th\u00f4ng tin quan tr\u1ecdng.<\/p>\n","protected":false},"featured_media":2874,"comment_status":"open","ping_status":"closed","template":"","meta":[],"product_brand":[],"product_cat":[57,50],"product_tag":[71,72,70],"class_list":{"0":"post-2873","1":"product","2":"type-product","3":"status-publish","4":"has-post-thumbnail","6":"product_cat-theme-wordpress-dich-vu","7":"product_cat-theme-wordpress-gioi-thieu-cong-ty","8":"product_tag-dich-vu-ky-toan","9":"product_tag-gioi-thieu-cong-ty","10":"product_tag-ke-toan","12":"first","13":"instock","14":"sale","15":"downloadable","16":"shipping-taxable","17":"purchasable","18":"product-type-simple"},"acf":[],"_links":{"self":[{"href":"https:\/\/khogiaodienmau.net\/trumtheme\/wp-json\/wp\/v2\/product\/2873"}],"collection":[{"href":"https:\/\/khogiaodienmau.net\/trumtheme\/wp-json\/wp\/v2\/product"}],"about":[{"href":"https:\/\/khogiaodienmau.net\/trumtheme\/wp-json\/wp\/v2\/types\/product"}],"replies":[{"embeddable":true,"href":"https:\/\/khogiaodienmau.net\/trumtheme\/wp-json\/wp\/v2\/comments?post=2873"}],"wp:featuredmedia":[{"embeddable":true,"href":"https:\/\/khogiaodienmau.net\/trumtheme\/wp-json\/wp\/v2\/media\/2874"}],"wp:attachment":[{"href":"https:\/\/khogiaodienmau.net\/trumtheme\/wp-json\/wp\/v2\/media?parent=2873"}],"wp:term":[{"taxonomy":"product_brand","embeddable":true,"href":"https:\/\/khogiaodienmau.net\/trumtheme\/wp-json\/wp\/v2\/product_brand?post=2873"},{"taxonomy":"product_cat","embeddable":true,"href":"https:\/\/khogiaodienmau.net\/trumtheme\/wp-json\/wp\/v2\/product_cat?post=2873"},{"taxonomy":"product_tag","embeddable":true,"href":"https:\/\/khogiaodienmau.net\/trumtheme\/wp-json\/wp\/v2\/product_tag?post=2873"}],"curies":[{"name":"wp","href":"https:\/\/api.w.org\/{rel}","templated":true}]}}