{"id":2863,"date":"2023-06-26T12:42:03","date_gmt":"2023-06-26T12:42:03","guid":{"rendered":"https:\/\/khogiaodienmau.net\/trumtheme\/?post_type=product&#038;p=2863"},"modified":"2023-06-26T12:42:30","modified_gmt":"2023-06-26T12:42:30","slug":"theme-wordpress-ban-dat-bds-chinh-chu","status":"publish","type":"product","link":"https:\/\/khogiaodienmau.net\/trumtheme\/themes\/theme-wordpress-ban-dat-bds-chinh-chu\/","title":{"rendered":"Theme wordpress b\u00e1n \u0111\u1ea5t bds ch\u00ednh ch\u1ee7"},"content":{"rendered":"","protected":false},"excerpt":{"rendered":"<p>Theme wordpress B\u00e1n \u0110\u1ea5t mang \u0111\u1ebfn cho b\u1ea1n m\u1ed9t giao di\u1ec7n th\u1ea9m m\u1ef9 v\u00e0 hi\u1ec7n \u0111\u1ea1i, gi\u00fap trang web c\u1ee7a b\u1ea1n n\u1ed5i b\u1eadt v\u00e0 chuy\u00ean nghi\u1ec7p. B\u1ea1n c\u00f3 th\u1ec3 t\u00f9y ch\u1ec9nh m\u00e0u s\u1eafc, ph\u00f4ng ch\u1eef, h\u00ecnh n\u1ec1n v\u00e0 b\u1ed1 c\u1ee5c trang web theo \u00fd mu\u1ed1n c\u1ee7a m\u00ecnh. T\u1ea1o ra m\u1ed9t trang web \u0111\u1ed9c \u0111\u00e1o ph\u1ea3n \u00e1nh phong c\u00e1ch v\u00e0 s\u1ef1 ri\u00eang bi\u1ec7t c\u1ee7a b\u1ea1n.<\/p>\n","protected":false},"featured_media":2864,"comment_status":"open","ping_status":"closed","template":"","meta":[],"product_brand":[],"product_cat":[46,34],"product_tag":[],"class_list":{"0":"post-2863","1":"product","2":"type-product","3":"status-publish","4":"has-post-thumbnail","6":"product_cat-theme-hot","7":"product_cat-theme-wordpress-bat-dong-san","9":"first","10":"instock","11":"sale","12":"downloadable","13":"shipping-taxable","14":"purchasable","15":"product-type-simple"},"acf":[],"_links":{"self":[{"href":"https:\/\/khogiaodienmau.net\/trumtheme\/wp-json\/wp\/v2\/product\/2863"}],"collection":[{"href":"https:\/\/khogiaodienmau.net\/trumtheme\/wp-json\/wp\/v2\/product"}],"about":[{"href":"https:\/\/khogiaodienmau.net\/trumtheme\/wp-json\/wp\/v2\/types\/product"}],"replies":[{"embeddable":true,"href":"https:\/\/khogiaodienmau.net\/trumtheme\/wp-json\/wp\/v2\/comments?post=2863"}],"wp:featuredmedia":[{"embeddable":true,"href":"https:\/\/khogiaodienmau.net\/trumtheme\/wp-json\/wp\/v2\/media\/2864"}],"wp:attachment":[{"href":"https:\/\/khogiaodienmau.net\/trumtheme\/wp-json\/wp\/v2\/media?parent=2863"}],"wp:term":[{"taxonomy":"product_brand","embeddable":true,"href":"https:\/\/khogiaodienmau.net\/trumtheme\/wp-json\/wp\/v2\/product_brand?post=2863"},{"taxonomy":"product_cat","embeddable":true,"href":"https:\/\/khogiaodienmau.net\/trumtheme\/wp-json\/wp\/v2\/product_cat?post=2863"},{"taxonomy":"product_tag","embeddable":true,"href":"https:\/\/khogiaodienmau.net\/trumtheme\/wp-json\/wp\/v2\/product_tag?post=2863"}],"curies":[{"name":"wp","href":"https:\/\/api.w.org\/{rel}","templated":true}]}}