{"id":2826,"date":"2023-06-22T17:27:46","date_gmt":"2023-06-22T17:27:46","guid":{"rendered":"https:\/\/khogiaodienmau.net\/trumtheme\/?post_type=product&#038;p=2826"},"modified":"2023-06-22T17:27:47","modified_gmt":"2023-06-22T17:27:47","slug":"theme-wordpress-ban-tra-sua","status":"publish","type":"product","link":"https:\/\/khogiaodienmau.net\/trumtheme\/themes\/theme-wordpress-ban-tra-sua\/","title":{"rendered":"Theme WordPress b\u00e1n tr\u00e0 s\u1eefa"},"content":{"rendered":"","protected":false},"excerpt":{"rendered":"<p>V\u1edbi theme WordPress b\u00e1n tr\u00e0 s\u1eefa, b\u1ea1n c\u0169ng c\u00f3 th\u1ec3 t\u1ea1o c\u00e1c trang landing page t\u00f9y ch\u1ec9nh \u0111\u1ec3 qu\u1ea3ng b\u00e1 c\u00e1c khuy\u1ebfn m\u00e3i, s\u1ef1 ki\u1ec7n \u0111\u1eb7c bi\u1ec7t ho\u1eb7c c\u00e1c d\u1ecbch v\u1ee5 \u0111\u1ed9c \u0111\u00e1o. \u0110i\u1ec1u n\u00e0y gi\u00fap b\u1ea1n t\u0103ng c\u01b0\u1eddng hi\u1ec7u qu\u1ea3 ti\u1ebfp th\u1ecb v\u00e0 thu h\u00fat th\u00eam kh\u00e1ch h\u00e0ng m\u1edbi.<\/p>\n","protected":false},"featured_media":2827,"comment_status":"open","ping_status":"closed","template":"","meta":[],"product_brand":[],"product_cat":[46,26,43,32],"product_tag":[],"class_list":{"0":"post-2826","1":"product","2":"type-product","3":"status-publish","4":"has-post-thumbnail","6":"product_cat-theme-hot","7":"product_cat-theme-wordpress-ban-hang","8":"product_cat-theme-wordpress-nha-hang","9":"product_cat-theme-wordpress-thuc-pham","11":"first","12":"instock","13":"sale","14":"downloadable","15":"shipping-taxable","16":"purchasable","17":"product-type-simple"},"acf":[],"_links":{"self":[{"href":"https:\/\/khogiaodienmau.net\/trumtheme\/wp-json\/wp\/v2\/product\/2826"}],"collection":[{"href":"https:\/\/khogiaodienmau.net\/trumtheme\/wp-json\/wp\/v2\/product"}],"about":[{"href":"https:\/\/khogiaodienmau.net\/trumtheme\/wp-json\/wp\/v2\/types\/product"}],"replies":[{"embeddable":true,"href":"https:\/\/khogiaodienmau.net\/trumtheme\/wp-json\/wp\/v2\/comments?post=2826"}],"wp:featuredmedia":[{"embeddable":true,"href":"https:\/\/khogiaodienmau.net\/trumtheme\/wp-json\/wp\/v2\/media\/2827"}],"wp:attachment":[{"href":"https:\/\/khogiaodienmau.net\/trumtheme\/wp-json\/wp\/v2\/media?parent=2826"}],"wp:term":[{"taxonomy":"product_brand","embeddable":true,"href":"https:\/\/khogiaodienmau.net\/trumtheme\/wp-json\/wp\/v2\/product_brand?post=2826"},{"taxonomy":"product_cat","embeddable":true,"href":"https:\/\/khogiaodienmau.net\/trumtheme\/wp-json\/wp\/v2\/product_cat?post=2826"},{"taxonomy":"product_tag","embeddable":true,"href":"https:\/\/khogiaodienmau.net\/trumtheme\/wp-json\/wp\/v2\/product_tag?post=2826"}],"curies":[{"name":"wp","href":"https:\/\/api.w.org\/{rel}","templated":true}]}}