{"id":2760,"date":"2023-06-12T19:24:30","date_gmt":"2023-06-12T19:24:30","guid":{"rendered":"https:\/\/khogiaodienmau.net\/trumtheme\/?post_type=product&#038;p=2760"},"modified":"2023-06-12T19:28:36","modified_gmt":"2023-06-12T19:28:36","slug":"theme-wordpress-ban-hang-thoi-trang-2","status":"publish","type":"product","link":"https:\/\/khogiaodienmau.net\/trumtheme\/themes\/theme-wordpress-ban-hang-thoi-trang-2\/","title":{"rendered":"Theme wordpress b\u00e1n h\u00e0ng th\u1eddi trang 2"},"content":{"rendered":"","protected":false},"excerpt":{"rendered":"<p>Theme wordpress b\u00e1n h\u00e0ng th\u1eddi trang 2 giao di\u1ec7n chuy\u00ean nghi\u1ec7p, t\u1eeb trang ch\u1ee7 \u0111\u1ebfn trang danh m\u1ee5c s\u1ea3n ph\u1ea9m, trang chi ti\u1ebft s\u1ea3n ph\u1ea9m, trang gi\u1ecf h\u00e0ng v\u00e0 trang thanh to\u00e1n. B\u1ea1n c\u00f3 th\u1ec3 ch\u1ecdn t\u1eeb c\u00e1c t\u00f9y ch\u1ecdn m\u00e0u s\u1eafc, font ch\u1eef v\u00e0 h\u00ecnh \u1ea3nh \u0111\u1ec3 t\u1ea1o ra m\u1ed9t trang web ph\u00f9 h\u1ee3p v\u1edbi phong c\u00e1ch v\u00e0 th\u01b0\u01a1ng hi\u1ec7u c\u1ee7a b\u1ea1n.<\/p>\n","protected":false},"featured_media":2762,"comment_status":"open","ping_status":"closed","template":"","meta":[],"product_brand":[],"product_cat":[26,35],"product_tag":[],"class_list":{"0":"post-2760","1":"product","2":"type-product","3":"status-publish","4":"has-post-thumbnail","6":"product_cat-theme-wordpress-ban-hang","7":"product_cat-theme-wordpress-thoi-trang","9":"first","10":"instock","11":"sale","12":"downloadable","13":"shipping-taxable","14":"purchasable","15":"product-type-simple"},"acf":[],"_links":{"self":[{"href":"https:\/\/khogiaodienmau.net\/trumtheme\/wp-json\/wp\/v2\/product\/2760"}],"collection":[{"href":"https:\/\/khogiaodienmau.net\/trumtheme\/wp-json\/wp\/v2\/product"}],"about":[{"href":"https:\/\/khogiaodienmau.net\/trumtheme\/wp-json\/wp\/v2\/types\/product"}],"replies":[{"embeddable":true,"href":"https:\/\/khogiaodienmau.net\/trumtheme\/wp-json\/wp\/v2\/comments?post=2760"}],"wp:featuredmedia":[{"embeddable":true,"href":"https:\/\/khogiaodienmau.net\/trumtheme\/wp-json\/wp\/v2\/media\/2762"}],"wp:attachment":[{"href":"https:\/\/khogiaodienmau.net\/trumtheme\/wp-json\/wp\/v2\/media?parent=2760"}],"wp:term":[{"taxonomy":"product_brand","embeddable":true,"href":"https:\/\/khogiaodienmau.net\/trumtheme\/wp-json\/wp\/v2\/product_brand?post=2760"},{"taxonomy":"product_cat","embeddable":true,"href":"https:\/\/khogiaodienmau.net\/trumtheme\/wp-json\/wp\/v2\/product_cat?post=2760"},{"taxonomy":"product_tag","embeddable":true,"href":"https:\/\/khogiaodienmau.net\/trumtheme\/wp-json\/wp\/v2\/product_tag?post=2760"}],"curies":[{"name":"wp","href":"https:\/\/api.w.org\/{rel}","templated":true}]}}