{"id":2142,"date":"2023-11-20T18:25:18","date_gmt":"2023-11-20T11:25:18","guid":{"rendered":"https:\/\/khogiaodienmau.net\/quatet\/?post_type=product&#038;p=2142"},"modified":"2023-11-20T23:46:39","modified_gmt":"2023-11-20T16:46:39","slug":"hop-qua-tet-2024-xuan-phat-tai","status":"publish","type":"product","link":"https:\/\/khogiaodienmau.net\/quatet\/san-pham\/hop-qua-tet-2024-xuan-phat-tai\/","title":{"rendered":"H\u1ed8P QU\u00c0 T\u1ebeT 2024 XU\u00c2N PH\u00c1T T\u00c0I"},"content":{"rendered":"<p>H\u1ed9p qu\u00e0 t\u1ebft 2024\u00a0Xu\u00e2n Ph\u00e1t T\u00e0i<strong>\u00a0<\/strong>l\u00e0 m\u1ed9t trong nh\u1eefng\u00a0<strong>Set Qu\u00e0 t\u1ebft 2024<\/strong>\u00a0c\u1ee7a qu\u00e0 t\u1ebft \u0110\u1ea7u T\u01b0 Thanh,set qu\u00e0 v\u1edbi th\u00e0nh ph\u1ea7n l\u00e0 c\u00e1c s\u1ea3n ph\u1ea9m cao c\u1ea5p.<br \/>\n<strong>H\u1ed9p qu\u00e0 t\u1ebft 2024<\/strong>\u00a0Xu\u00e2n Ph\u00e1t T\u00e0i chi nh\u00ecn qua ch\u00fang \u0111\u00e3 th\u1ea5y \u0111\u01b0\u1ee3c s\u1ef1 sang tr\u1ecdng c\u1ee7a set qu\u00e0 v\u1edbi b\u00e1nh nh\u1eadp kh\u1ea9u t\u1eeb \u00dd, Vang t\u1eeb Chile, K\u1eb9o socola t\u1eeb Th\u00e1i v\u00e0 ch\u00e8 \u00f4 long cao c\u1ea5p.<br \/>\nH\u1ed9p qu\u00e0 t\u1ebft 2024\u00a0Xu\u00e2n Ph\u00e1t T\u00e0i v\u1edbi th\u00e0nh ph\u1ea7n cao c\u1ea5p, thi\u1ebft k\u1ebf sang tr\u1ecdng nh\u01b0ng gi\u00e1 th\u00e0nh kh\u00f4ng qu\u00e1 cao.\u00a0M\u1eabu h\u1ed9p qu\u00e0 t\u1ebft 2024 r\u1ea5t ph\u00f9 h\u1ee3p cho doanh nghi\u1ec7p d\u00f9ng \u0111\u1ec3 t\u1eb7ng kh\u00e1ch h\u00e0ng, t\u1eb7ng nh\u00e2n vi\u00ean.<\/p>\n","protected":false},"excerpt":{"rendered":"<p>H\u1ed9p qu\u00e0 t\u1ebft 2024\u00a0Xu\u00e2n Ph\u00e1t T\u00e0i\u00a0l\u00e0 m\u1ed9t trong nh\u1eefng\u00a0Set Qu\u00e0 t\u1ebft 2024\u00a0c\u1ee7a qu\u00e0 t\u1ebft \u0110\u1ea7u T\u01b0 Thanh,set qu\u00e0 v\u1edbi th\u00e0nh ph\u1ea7n l\u00e0 c\u00e1c s\u1ea3n ph\u1ea9m cao c\u1ea5p. H\u1ed9p qu\u00e0 t\u1ebft 2024\u00a0Xu\u00e2n Ph\u00e1t T\u00e0i chi nh\u00ecn qua ch\u00fang \u0111\u00e3 th\u1ea5y \u0111\u01b0\u1ee3c s\u1ef1 sang tr\u1ecdng c\u1ee7a set qu\u00e0 v\u1edbi b\u00e1nh nh\u1eadp kh\u1ea9u t\u1eeb \u00dd, Vang t\u1eeb Chile, &#8230;<\/p>\n","protected":false},"featured_media":2143,"comment_status":"open","ping_status":"closed","template":"","meta":[],"product_cat":[97],"product_tag":[],"class_list":["post-2142","product","type-product","status-publish","has-post-thumbnail","hentry","product_cat-hop-qua-tet"],"_links":{"self":[{"href":"https:\/\/khogiaodienmau.net\/quatet\/wp-json\/wp\/v2\/product\/2142"}],"collection":[{"href":"https:\/\/khogiaodienmau.net\/quatet\/wp-json\/wp\/v2\/product"}],"about":[{"href":"https:\/\/khogiaodienmau.net\/quatet\/wp-json\/wp\/v2\/types\/product"}],"replies":[{"embeddable":true,"href":"https:\/\/khogiaodienmau.net\/quatet\/wp-json\/wp\/v2\/comments?post=2142"}],"wp:featuredmedia":[{"embeddable":true,"href":"https:\/\/khogiaodienmau.net\/quatet\/wp-json\/wp\/v2\/media\/2143"}],"wp:attachment":[{"href":"https:\/\/khogiaodienmau.net\/quatet\/wp-json\/wp\/v2\/media?parent=2142"}],"wp:term":[{"taxonomy":"product_cat","embeddable":true,"href":"https:\/\/khogiaodienmau.net\/quatet\/wp-json\/wp\/v2\/product_cat?post=2142"},{"taxonomy":"product_tag","embeddable":true,"href":"https:\/\/khogiaodienmau.net\/quatet\/wp-json\/wp\/v2\/product_tag?post=2142"}],"curies":[{"name":"wp","href":"https:\/\/api.w.org\/{rel}","templated":true}]}}