{"id":1270,"date":"2021-10-27T17:36:17","date_gmt":"2021-10-27T10:36:17","guid":{"rendered":"http:\/\/mypham2.themevivu.com\/?post_type=product&#038;p=1270"},"modified":"2021-10-27T17:45:56","modified_gmt":"2021-10-27T10:45:56","slug":"kem-du%cc%9bo%cc%9b%cc%83ng-da-peptide-anti-wrinkle-cream","status":"publish","type":"product","link":"https:\/\/khogiaodienmau.net\/mypham16\/san-pham\/kem-du%cc%9bo%cc%9b%cc%83ng-da-peptide-anti-wrinkle-cream\/","title":{"rendered":"KEM D\u01af\u1ee0NG DA PEPTIDE ANTI WRINKLE CREAM"},"content":{"rendered":"","protected":false},"excerpt":{"rendered":"<p style=\"text-align: justify;\">KEM DU\u031bO\u031b\u0303NG DA PEPTIDE ANTI WRINKLE CREAM l\u00e0 s\u1ea3n ph\u1ea9m \u0111em l\u1ea1i c\u00f4ng d\u1ee5ng si\u00eau tuy\u1ec7t v\u1eddi c\u00f3 th\u1ec3 k\u1ec3 \u0111\u1ebfn nh\u01b0 th\u00fac \u0111\u1ea9y t\u0103ng sinh collagen, ng\u0103n ng\u1eeba n\u00e1m, t\u00e0n nhang, c\u1ea5p \u1ea9m, c\u1ea5p n\u01b0\u1edbc cho da. \u0110\u1ed3ng th\u1eddi h\u1ed7 tr\u1ee3 ch\u1ed1ng l\u00e3o h\u00f3a v\u00e0 kh\u1ea3 n\u0103ng \u0111\u00e0n h\u1ed3i&#8230;<\/p>\n","protected":false},"featured_media":1271,"comment_status":"open","ping_status":"closed","template":"","meta":[],"product_cat":[15],"product_tag":[],"yst_prominent_words":[],"class_list":["post-1270","product","type-product","status-publish","has-post-thumbnail","hentry","product_cat-cham-soc-da"],"_links":{"self":[{"href":"https:\/\/khogiaodienmau.net\/mypham16\/wp-json\/wp\/v2\/product\/1270","targetHints":{"allow":["GET"]}}],"collection":[{"href":"https:\/\/khogiaodienmau.net\/mypham16\/wp-json\/wp\/v2\/product"}],"about":[{"href":"https:\/\/khogiaodienmau.net\/mypham16\/wp-json\/wp\/v2\/types\/product"}],"replies":[{"embeddable":true,"href":"https:\/\/khogiaodienmau.net\/mypham16\/wp-json\/wp\/v2\/comments?post=1270"}],"wp:featuredmedia":[{"embeddable":true,"href":"https:\/\/khogiaodienmau.net\/mypham16\/wp-json\/wp\/v2\/media\/1271"}],"wp:attachment":[{"href":"https:\/\/khogiaodienmau.net\/mypham16\/wp-json\/wp\/v2\/media?parent=1270"}],"wp:term":[{"taxonomy":"product_cat","embeddable":true,"href":"https:\/\/khogiaodienmau.net\/mypham16\/wp-json\/wp\/v2\/product_cat?post=1270"},{"taxonomy":"product_tag","embeddable":true,"href":"https:\/\/khogiaodienmau.net\/mypham16\/wp-json\/wp\/v2\/product_tag?post=1270"},{"taxonomy":"yst_prominent_words","embeddable":true,"href":"https:\/\/khogiaodienmau.net\/mypham16\/wp-json\/wp\/v2\/yst_prominent_words?post=1270"}],"curies":[{"name":"wp","href":"https:\/\/api.w.org\/{rel}","templated":true}]}}