{"id":80,"date":"2021-10-18T21:55:00","date_gmt":"2021-10-18T14:55:00","guid":{"rendered":"http:\/\/mypham2.themevivu.com\/?page_id=80"},"modified":"2021-10-26T18:46:43","modified_gmt":"2021-10-26T11:46:43","slug":"dang-ky-dai-ly","status":"publish","type":"page","link":"https:\/\/khogiaodienmau.net\/mypham16\/dang-ky-dai-ly\/","title":{"rendered":"\u0110\u0103ng k\u00fd \u0111\u1ea1i l\u00fd"},"content":{"rendered":"\t<div class=\"img has-hover x md-x lg-x y md-y lg-y\" id=\"image_830696386\">\n\t\t\t\t\t\t\t\t<div class=\"img-inner dark\" >\n\t\t\t<img loading=\"lazy\" decoding=\"async\" width=\"1920\" height=\"560\" src=\"https:\/\/khogiaodienmau.net\/mypham16\/wp-content\/uploads\/2021\/10\/117840818_925567101186768_6339425098992088909_n.jpeg\" class=\"attachment-original size-original\" alt=\"\" srcset=\"https:\/\/khogiaodienmau.net\/mypham16\/wp-content\/uploads\/2021\/10\/117840818_925567101186768_6339425098992088909_n.jpeg 1920w, https:\/\/khogiaodienmau.net\/mypham16\/wp-content\/uploads\/2021\/10\/117840818_925567101186768_6339425098992088909_n-300x88.jpeg 300w, https:\/\/khogiaodienmau.net\/mypham16\/wp-content\/uploads\/2021\/10\/117840818_925567101186768_6339425098992088909_n-1024x299.jpeg 1024w, https:\/\/khogiaodienmau.net\/mypham16\/wp-content\/uploads\/2021\/10\/117840818_925567101186768_6339425098992088909_n-768x224.jpeg 768w, https:\/\/khogiaodienmau.net\/mypham16\/wp-content\/uploads\/2021\/10\/117840818_925567101186768_6339425098992088909_n-1536x448.jpeg 1536w, https:\/\/khogiaodienmau.net\/mypham16\/wp-content\/uploads\/2021\/10\/117840818_925567101186768_6339425098992088909_n-600x175.jpeg 600w\" sizes=\"auto, (max-width: 1920px) 100vw, 1920px\" \/>\t\t\t\t\t\t\n\t\t\t\t\t<\/div>\n\t\t\t\t\t\t\t\t\n<style>\n#image_830696386 {\n  width: 100%;\n}\n<\/style>\n\t<\/div>\n\t\n<p>Nhu c\u1ea7u l\u00e0m \u0111\u1eb9p c\u1ee7a con ng\u01b0\u1eddi ng\u00e0y m\u1ed9t cao ch\u00ednh v\u00ec v\u1eady kinh doanh m\u1ef9 ph\u1ea9m\u00a0 kh\u00f4ng ch\u1ec9 l\u00e0 s\u1ef1 l\u1ef1a ch\u1ecdn tuy\u1ec7t v\u1eddi cho nh\u1eefng b\u1ea1n mu\u1ed1n ki\u1ebfm ti\u1ec1n tr\u00ean l\u0129nh v\u1ef1c l\u00e0m \u0111\u1eb9p m\u00e0 c\u00f2n l\u00e0 xu th\u1ebf c\u1ee7a th\u1ebf k\u1ef7 20, tuy nhi\u00ean \u0111\u1ec3 ch\u1ecdn \u0111\u01b0\u1ee3c m\u1ed9t th\u01b0\u01a1ng hi\u1ec7u m\u1ef9 ph\u1ea9m n\u1ed5i ti\u1ebfng, s\u1ea3n ph\u1ea9m ch\u1ea5t l\u01b0\u1ee3ng, c\u00f3 t\u00ean tu\u1ed5i tr\u00ean th\u1ecb tr\u01b0\u1eddng m\u1ef9 ph\u1ea9m l\u1ea1i kh\u00f4ng h\u1ec1 d\u1ec5 d\u00e0ng v\u1edbi nh\u1eefng b\u1ea1n mu\u1ed1n b\u01b0\u1edbc ch\u00e2n v\u00e0o con \u0111\u01b0\u1eddng n\u00e0y.<\/p>\n<p><strong>&#8221; Hathor Beauty &#8211; N\u01a1i v\u1ebb \u0111\u1eb9p tr\u1edf th\u00e0nh gi\u00e1\u00a0tr\u1ecb\u00a0&#8221;\u00a0<\/strong>th\u01b0\u01a1ng hi\u1ec7u d\u01b0\u1ee3c m\u1ef9 ph\u1ea9m h\u00e0ng \u0111\u1ea7u Vi\u1ec7t Nam \u0111ang \u0111\u01b0\u1ee3c h\u00e0ng tri\u1ec7u ng\u01b0\u1eddi s\u1eed d\u1ee5ng, h\u00e0ng ngh\u00ecn \u0111\u1ea1i l\u00fd, spa, nh\u00e0 ph\u00e2n ph\u1ed1i m\u1ef9 ph\u1ea9m tr\u00ean to\u00e0n qu\u1ed1c tin d\u00f9ng\u00a0ch\u00ednh l\u00e0 s\u1ef1 l\u1ef1a ch\u1ecdn \u0111\u00fang \u0111\u1eafn v\u00e0 ho\u00e0n h\u1ea3o, l\u00e0 \u0111\u00e1p \u00e1n cho nh\u1eefng b\u1ea1n \u0111ang mu\u1ed1n t\u00ecm hi\u1ec3u v\u00e0 l\u00e0m gi\u00e0u tr\u00ean con \u0111\u01b0\u1eddng m\u1ef9 ph\u1ea9m n\u00e0y.<\/p>\n\t<div class=\"img has-hover x md-x lg-x y md-y lg-y\" id=\"image_751409048\">\n\t\t\t\t\t\t\t\t<div class=\"img-inner dark\" >\n\t\t\t<img loading=\"lazy\" decoding=\"async\" width=\"1392\" height=\"561\" src=\"https:\/\/khogiaodienmau.net\/mypham16\/wp-content\/uploads\/2021\/10\/le-ra-mat-hathor.jpeg\" class=\"attachment-original size-original\" alt=\"\" srcset=\"https:\/\/khogiaodienmau.net\/mypham16\/wp-content\/uploads\/2021\/10\/le-ra-mat-hathor.jpeg 1392w, https:\/\/khogiaodienmau.net\/mypham16\/wp-content\/uploads\/2021\/10\/le-ra-mat-hathor-300x121.jpeg 300w, https:\/\/khogiaodienmau.net\/mypham16\/wp-content\/uploads\/2021\/10\/le-ra-mat-hathor-1024x413.jpeg 1024w, https:\/\/khogiaodienmau.net\/mypham16\/wp-content\/uploads\/2021\/10\/le-ra-mat-hathor-768x310.jpeg 768w, https:\/\/khogiaodienmau.net\/mypham16\/wp-content\/uploads\/2021\/10\/le-ra-mat-hathor-600x242.jpeg 600w\" sizes=\"auto, (max-width: 1392px) 100vw, 1392px\" \/>\t\t\t\t\t\t\n\t\t\t\t\t<\/div>\n\t\t\t\t\t\t\t\t\n<style>\n#image_751409048 {\n  width: 100%;\n}\n<\/style>\n\t<\/div>\n\t\n<p>V\u1ec1 ch\u00fang t\u00f4i &#8211;<strong>\u00a0Hathor Beauty<\/strong>\u00a0:\u00a0 L\u00e0 th\u01b0\u01a1ng hi\u1ec7u m\u1ef9 ph\u1ea9m thu\u1ed9c c\u00f4ng ty c\u1ed5 ph\u1ea7n t\u1eadp \u0111o\u00e0n Hathor, v\u1edbi c\u00e1c d\u00f2ng s\u1ea3n ph\u1ea9m make-up, ch\u0103m s\u00f3c da, c\u0103ng b\u00f3ng, l\u00e0m gi\u1ea3m\u00a0m\u1ee5n, n\u00e1m, t\u00e0n nhang &#8230; \u0111\u01b0\u1ee3c chi\u1ebft xu\u1ea5t t\u1eeb ngu\u1ed3n nguy\u00ean li\u1ec7u thi\u00ean nhi\u00ean mang l\u1ea1i s\u1ef1 hi\u1ec7u qu\u1ea3, an to\u00e0n, th\u00e2n thi\u1ec7n v\u1edbi l\u00e0n da c\u1ee7a con ng\u01b0\u1eddi, \u0111\u00e1p \u1ee9ng tr\u00ean c\u1ea3 s\u1ef1 k\u1ef3 v\u1ecdng c\u1ee7a kh\u00e1ch h\u00e0ng.<\/p>\n\t<div class=\"img has-hover x md-x lg-x y md-y lg-y\" id=\"image_509000780\">\n\t\t\t\t\t\t\t\t<div class=\"img-inner dark\" >\n\t\t\t<img loading=\"lazy\" decoding=\"async\" width=\"1401\" height=\"400\" src=\"https:\/\/khogiaodienmau.net\/mypham16\/wp-content\/uploads\/2021\/10\/tuyen-dai-ly-my-pham.jpeg\" class=\"attachment-original size-original\" alt=\"\" srcset=\"https:\/\/khogiaodienmau.net\/mypham16\/wp-content\/uploads\/2021\/10\/tuyen-dai-ly-my-pham.jpeg 1401w, https:\/\/khogiaodienmau.net\/mypham16\/wp-content\/uploads\/2021\/10\/tuyen-dai-ly-my-pham-300x86.jpeg 300w, https:\/\/khogiaodienmau.net\/mypham16\/wp-content\/uploads\/2021\/10\/tuyen-dai-ly-my-pham-1024x292.jpeg 1024w, https:\/\/khogiaodienmau.net\/mypham16\/wp-content\/uploads\/2021\/10\/tuyen-dai-ly-my-pham-768x219.jpeg 768w, https:\/\/khogiaodienmau.net\/mypham16\/wp-content\/uploads\/2021\/10\/tuyen-dai-ly-my-pham-600x171.jpeg 600w\" sizes=\"auto, (max-width: 1401px) 100vw, 1401px\" \/>\t\t\t\t\t\t\n\t\t\t\t\t<\/div>\n\t\t\t\t\t\t\t\t\n<style>\n#image_509000780 {\n  width: 100%;\n}\n<\/style>\n\t<\/div>\n\t\n<p><strong>V\u1edbi g\u1ea7n 10 n\u0103m ho\u1ea1t \u0111\u1ed9ng trong ng\u00e0nh ch\u0103m s\u1eafc \u0111\u1eb9p<\/strong>\u00a0v\u1edbi c\u00e1c l\u0129nh v\u1ef1c : Ph\u00e2n ph\u1ed1i c\u00e1c s\u1ea3n ph\u1ea9m &amp; d\u1ecbch v\u1ee5 l\u00e0m \u0111\u1eb9p, h\u1ed7 tr\u1ee3 &amp; chuy\u1ec3n giao ph\u01b0\u01a1ng ph\u00e1p tr\u1ecb li\u1ec7u chu\u1ea9n Y Khoa, nh\u01b0\u1ee3ng quy\u1ec1n th\u01b0\u01a1ng hi\u1ec7u\u00a0Hathor Beauty, nh\u00e0 s\u00e1ng l\u1eadp CEO Nguy\u1ec5n Th\u1ecb \u00c1nh \u0111\u00e3 \u0111\u01b0a th\u01b0\u01a1ng hi\u1ec7u m\u1ef9 ph\u1ea9m\u00a0Hathor Beauty\u00a0l\u00ean nh\u1eefng t\u1ea7m cao m\u1edbi v\u1edbi h\u00e0ng lo\u1ea1t danh hi\u1ec7u v\u00e0 gi\u1ea3i th\u01b0\u1edfng danh gi\u00e1, \u0111\u01b0a Hathor tr\u1edf th\u00e0nh c\u00f4ng ty h\u00e0ng \u0111\u1ea7u v\u00e0 ti\u00ean phong trong l\u0129nh v\u1ef1c l\u00e0m \u0111\u1eb9p t\u1ea1i Vi\u1ec7t Nam.<\/p>\n<p>V\u1edbi tri\u1ebft l\u00fd kinh doanh \u201c L\u1ea5y y\u00eau th\u01b0\u01a1ng l\u00e0m g\u1ed1c\u201d c\u1ee7a\u00a0<strong>CEO Nguy\u1ec5n Th\u1ecb \u00c1nh<\/strong>, H\u1ec7 th\u1ed1ng h\u01a1n 1000 chi nh\u00e1nh c\u1ee7a Hathor \u0111ang \u0111\u01b0\u1ee3c d\u1eabn d\u1eaft ph\u00e1t tri\u1ec3n v\u1edbi t\u1ed1c \u0111\u1ed9 ng\u00e0y m\u1ed9t l\u1edbn m\u1ea1nh, t\u1ea1o ra gi\u00e1 tr\u1ecb c\u1ed9ng \u0111\u1ed3ng \u0111\u1ec3 th\u00e0nh c\u00f4ng b\u1ec1n v\u1eefng.<\/p>\n<h3>Trong c\u00e1c ch\u01b0\u01a1ng tr\u00ecnh tuy\u1ec3n \u0111\u1ea1i l\u00fd m\u1ef9 ph\u1ea9m:<\/h3>\n<p>B\u1ea5t k\u1ef3 m\u1ed9t \u0111\u1ea1i l\u00fd, spa n\u00e0o khi gia nh\u1eadp c\u0169ng s\u1ebd \u0111\u01b0\u1ee3c \u0111\u00e0o t\u1ea1o b\u00e0i b\u1ea3n, h\u01b0\u1edbng d\u1eabn kinh doanh th\u1ef1c chi\u1ebfn, ti\u1ebfp c\u1eadn kh\u00e1ch h\u00e0ng, thay \u0111\u1ed5i t\u01b0 duy \u0111\u1ec3 t\u1ea1o ra th\u00e0nh c\u00f4ng. \u0110\u1ea3m b\u1ea3o quy\u1ec1n l\u1ee3i cao nh\u1ea5t v\u1edbi m\u1ed7i nh\u00e0 ph\u00e2n ph\u1ed1i khi gia nh\u1eadp h\u1ec7 th\u1ed1ng.<\/p>\n<p>S\u1ea3n ph\u1ea9m c\u1ee7a Hathor lu\u00f4n \u0111\u01b0\u1ee3c b\u1ea3o tr\u1ee3 b\u1edfi \u0111\u1ed9i ng\u0169 b\u00e1c s\u0129 chuy\u00ean m\u00f4n c\u00f3 tr\u00ecnh \u0111\u1ed9 cao, \u0111\u1ea3m b\u1ea3o\u00a0th\u00e0nh vi\u00ean, spa, \u0111\u1ea1i l\u00fd c\u1ee7a Hathor lu\u00f4n \u0111\u01b0\u1ee3c \u0111\u00e0o t\u1ea1o nh\u1eefng ki\u1ebfn th\u1ee9c l\u00e0m \u0111\u1eb9p chu\u1ea9n y khoa m\u1edbi nh\u1ea5t, k\u1ebft h\u1ee3p \u0111\u00e0o t\u1ea1o tr\u1ef1c tuy\u1ebfn v\u00e0 \u0111\u00e0o t\u1ea1o \u0111\u1ecbnh k\u1ef3 t\u1ea1i c\u00f4ng ty.<\/p>\n<h4>Quy\u1ec1n l\u1ee3i c\u1ee7a \u0111\u1ea1i l\u00fd khi gia nh\u1eadp h\u1ec7 th\u1ed1ng trong ch\u01b0\u01a1ng tr\u00ecnh tuy\u1ec3n \u0111\u1ea1i l\u00fd m\u1ef9 ph\u1ea9m l\u1ea7n n\u00e0y:<\/h4>\n<p><strong>\u0110\u1ec3 tr\u1edf th\u00e0nh \u0111\u1ea1i l\u00fd c\u1ee7a\u00a0Hathor Beauty<\/strong>, b\u1ea1n ch\u1ec9 c\u1ea7n b\u1eaft \u0111\u1ea7u v\u1edbi s\u1ed1 v\u1ed1n t\u1ed1i thi\u1ec3u <strong><span style=\"color: #ed1c24;\">5.000.0000<\/span><\/strong> \u0111\u1ed3ng v\u1edbi c\u00e1c ch\u00ednh s\u00e1ch :<\/p>\n<ul>\n<li>T\u1ef7 l\u1ec7 chi\u1ebft kh\u1ea5u cao + th\u01b0\u1edfng doanh s\u1ed1 + l\u01b0\u01a1ng doanh s\u1ed1 (Ph\u1ee5 thu\u1ed9c v\u00e0o c\u1ea5p b\u1eadc th\u00e0nh vi\u00ean trong h\u1ec7 th\u1ed1ng).<\/li>\n<li>\u0110\u01b0\u1ee3c \u0111\u00e0o t\u1ea1o b\u00e1n h\u00e0ng, tham gia c\u00e1c ch\u01b0\u01a1ng tr\u00ecnh, kh\u00f3a h\u1ecdc mi\u1ec5n ph\u00ed.<\/li>\n<li>Tham gia c\u00e1c s\u1ef1 ki\u1ec7n, ch\u01b0\u01a1ng tr\u00ecnh du l\u1ecbch c\u1ee7a c\u00f4ng ty th\u01b0\u1eddng xuy\u00ean.<\/li>\n<li>H\u1ed7 tr\u1ee3 chi ph\u00ed v\u1eadn chuy\u1ec3n, \u0111\u00f3ng g\u00f3i s\u1ea3n ph\u1ea9m.<\/li>\n<li>T\u1eb7ng 1 b\u1ed9 vest theo c\u1ea5p b\u1eadc khi \u0111\u1ea1t doanh s\u1ed1 v\u00e0 \u0111\u01b0\u1ee3c c\u00f4ng ty c\u00f4ng nh\u1eadn l\u00ean c\u1ea5p b\u1eadc m\u1edbi.<\/li>\n<li>\u0110\u01b0\u1ee3c b\u1ea3o tr\u1ee3 b\u1edfi c\u00e1c b\u00e1c s\u0129 da li\u1ec5u \u0111\u1ea7u ng\u00e0nh<\/li>\n<li>\u0110\u01b0\u1ee3c t\u1eb7ng ph\u1ea7n m\u1ec1m qu\u1ea3n l\u00fd b\u00e1n h\u00e0ng chuy\u00ean nghi\u1ec7p<\/li>\n<li>\u0110\u01b0\u1ee3c \u0111\u00e0o t\u1ea1o th\u1ef1c chi\u1ebfn<\/li>\n<\/ul>\n\t<section class=\"section about-us-section dark\" id=\"section_1019930948\">\n\t\t<div class=\"bg section-bg fill bg-fill  \" >\n\n\t\t\t\n\t\t\t<div class=\"section-bg-overlay absolute fill\"><\/div>\n\t\t\t\n\n\t\t<\/div>\n\n\t\t\n\n\t\t<div class=\"section-content relative\">\n\t\t\t\n<div class=\"row\"  id=\"row-268043198\">\n\n\t<div id=\"col-1723907074\" class=\"col medium-6 small-12 large-6\"  >\n\t\t\t\t<div class=\"col-inner\"  >\n\t\t\t\n\t\t\t\n<h2>\u0110\u0103ng k\u00fd \u0111\u1ea1i l\u00fd Hathor Beauty ngay h\u00f4m nay!<\/h2>\n<p>Vui l\u00f2ng nh\u1eadp s\u1ed1 \u0111i\u1ec7n tho\u1ea1i, nh\u00e2n vi\u00ean s\u1ebd \u0111i\u1ec7n t\u01b0 v\u1ea5n s\u1edbm nh\u1ea5t!<\/p>\n\t\t<\/div>\n\t\t\t\t\t<\/div>\n\n\t\n\n\t<div id=\"col-1847557421\" class=\"col medium-6 small-12 large-6\"  >\n\t\t\t\t<div class=\"col-inner text-right\"  >\n\t\t\t\n\t\t\t\n\t<div id=\"gap-92287122\" class=\"gap-element clearfix\" style=\"display:block; height:auto;\">\n\t\t\n<style>\n#gap-92287122 {\n  padding-top: 15px;\n}\n<\/style>\n\t<\/div>\n\t\n<div role=\"form\" class=\"wpcf7\" id=\"wpcf7-f212-o1\" lang=\"vi\" dir=\"ltr\">\n<div class=\"screen-reader-response\"><p role=\"status\" aria-live=\"polite\" aria-atomic=\"true\"><\/p> <ul><\/ul><\/div>\n<form action=\"\/mypham16\/wp-json\/wp\/v2\/pages\/80#wpcf7-f212-o1\" method=\"post\" class=\"wpcf7-form init\" novalidate=\"novalidate\" data-status=\"init\">\n<div style=\"display: none;\">\n<input type=\"hidden\" name=\"_wpcf7\" value=\"212\" \/>\n<input type=\"hidden\" name=\"_wpcf7_version\" value=\"5.5.2\" \/>\n<input type=\"hidden\" name=\"_wpcf7_locale\" value=\"vi\" \/>\n<input type=\"hidden\" name=\"_wpcf7_unit_tag\" value=\"wpcf7-f212-o1\" \/>\n<input type=\"hidden\" name=\"_wpcf7_container_post\" value=\"0\" \/>\n<input type=\"hidden\" name=\"_wpcf7_posted_data_hash\" value=\"\" \/>\n<\/div>\n<div class=\"form-dang-ky\">\n<div class=\"left\"><span class=\"wpcf7-form-control-wrap tel-694\"><input type=\"tel\" name=\"tel-694\" value=\"\" size=\"40\" class=\"wpcf7-form-control wpcf7-text wpcf7-tel wpcf7-validates-as-required wpcf7-validates-as-tel\" aria-required=\"true\" aria-invalid=\"false\" placeholder=\"Nh\u1eadp s\u1ed1 \u0111i\u1ec7n tho\u1ea1i...\" \/><\/span><\/div>\n<div class=\"right\">\n<input type=\"submit\" value=\"\u0110\u0103ng k\u00fd\" class=\"wpcf7-form-control has-spinner wpcf7-submit\" \/>\n<\/div>\n<\/div>\n<div class=\"wpcf7-response-output\" aria-hidden=\"true\"><\/div><\/form><\/div>\n\t\t<\/div>\n\t\t\t\t\t<\/div>\n\n\t\n<\/div>\n\t\t<\/div>\n\n\t\t\n<style>\n#section_1019930948 {\n  padding-top: 30px;\n  padding-bottom: 30px;\n}\n#section_1019930948 .section-bg-overlay {\n  background-color: rgba(20, 143, 142, 0.924);\n}\n#section_1019930948 .section-bg.bg-loaded {\n  background-image: url(https:\/\/khogiaodienmau.net\/mypham16\/wp-content\/uploads\/2021\/10\/icon3.jpg);\n}\n#section_1019930948 .ux-shape-divider--top svg {\n  height: 150px;\n  --divider-top-width: 100%;\n}\n#section_1019930948 .ux-shape-divider--bottom svg {\n  height: 150px;\n  --divider-width: 100%;\n}\n<\/style>\n\t<\/section>\n\t\n","protected":false},"excerpt":{"rendered":"<p>Nhu c\u1ea7u l\u00e0m \u0111\u1eb9p c\u1ee7a con ng\u01b0\u1eddi ng\u00e0y m\u1ed9t cao ch\u00ednh v\u00ec v\u1eady kinh doanh m\u1ef9 ph\u1ea9m\u00a0 kh\u00f4ng ch\u1ec9 l\u00e0 s\u1ef1 l\u1ef1a ch\u1ecdn tuy\u1ec7t v\u1eddi cho nh\u1eefng b\u1ea1n mu\u1ed1n ki\u1ebfm ti\u1ec1n tr\u00ean l\u0129nh v\u1ef1c l\u00e0m \u0111\u1eb9p m\u00e0 c\u00f2n l\u00e0 xu th\u1ebf c\u1ee7a th\u1ebf k\u1ef7 20, tuy nhi\u00ean \u0111\u1ec3 ch\u1ecdn \u0111\u01b0\u1ee3c m\u1ed9t th\u01b0\u01a1ng hi\u1ec7u m\u1ef9 ph\u1ea9m&#8230;<\/p>\n","protected":false},"author":1,"featured_media":0,"parent":0,"menu_order":0,"comment_status":"closed","ping_status":"closed","template":"","meta":{"footnotes":""},"yst_prominent_words":[],"class_list":["post-80","page","type-page","status-publish","hentry"],"_links":{"self":[{"href":"https:\/\/khogiaodienmau.net\/mypham16\/wp-json\/wp\/v2\/pages\/80","targetHints":{"allow":["GET"]}}],"collection":[{"href":"https:\/\/khogiaodienmau.net\/mypham16\/wp-json\/wp\/v2\/pages"}],"about":[{"href":"https:\/\/khogiaodienmau.net\/mypham16\/wp-json\/wp\/v2\/types\/page"}],"author":[{"embeddable":true,"href":"https:\/\/khogiaodienmau.net\/mypham16\/wp-json\/wp\/v2\/users\/1"}],"replies":[{"embeddable":true,"href":"https:\/\/khogiaodienmau.net\/mypham16\/wp-json\/wp\/v2\/comments?post=80"}],"version-history":[{"count":1,"href":"https:\/\/khogiaodienmau.net\/mypham16\/wp-json\/wp\/v2\/pages\/80\/revisions"}],"predecessor-version":[{"id":1041,"href":"https:\/\/khogiaodienmau.net\/mypham16\/wp-json\/wp\/v2\/pages\/80\/revisions\/1041"}],"wp:attachment":[{"href":"https:\/\/khogiaodienmau.net\/mypham16\/wp-json\/wp\/v2\/media?parent=80"}],"wp:term":[{"taxonomy":"yst_prominent_words","embeddable":true,"href":"https:\/\/khogiaodienmau.net\/mypham16\/wp-json\/wp\/v2\/yst_prominent_words?post=80"}],"curies":[{"name":"wp","href":"https:\/\/api.w.org\/{rel}","templated":true}]}}