{"id":1096,"date":"2022-10-31T17:29:22","date_gmt":"2022-10-31T10:29:22","guid":{"rendered":"https:\/\/milk.themevivu.net\/?post_type=product&#038;p=1096"},"modified":"2022-10-31T18:04:03","modified_gmt":"2022-10-31T11:04:03","slug":"soki-tium","status":"publish","type":"product","link":"https:\/\/khogiaodienmau.net\/milk\/product\/soki-tium\/","title":{"rendered":"SOKI-TIUM"},"content":{"rendered":"<h3>Th\u00e0nh ph\u1ea7n trong 1 g\u00f3i:<\/h3>\n<p>\u2013 \u0110\u1ea1m s\u1eefa th\u1ee7y ph\u00e2n \u2013 Lactium\u2026\u2026\u2026\u2026\u2026\u2026\u2026\u2026\u2026\u2026..250 mg<br \/>\n\u2013 S\u1eefa non (Prodiet Colostrum)\u2026\u2026\u2026\u2026\u2026\u2026\u2026\u2026\u2026\u2026\u2026250 mg<br \/>\n\u2013 Ph\u1ee5 li\u1ec7u: \u0110\u01b0\u1eddng, s\u1eefa, lactase, ch\u1ea5t x\u01a1 v\u1eeba \u0111\u1ee7 3g.<\/p>\n<p>Th\u1ef1c ph\u1ea9m n\u00e0y kh\u00f4ng ph\u1ea3i l\u00e0 thu\u1ed1c v\u00e0 kh\u00f4ng c\u00f3 t\u00e1c d\u1ee5ng thay th\u1ebf thu\u1ed1c ch\u1eefa b\u1ec7nh<\/p>\n<h3>\u0110\u1ea0M S\u1eeeA TH\u1ee6Y PH\u00c2N LACTIUM<\/h3>\n<div class=\"content fz-17\">\n<p>Lactium l\u00e0 m\u1ed9t trong nh\u1eefng \u201cc\u00f4ng tr\u00ecnh\u201d k\u1ef3 di\u1ec7u c\u1ee7a c\u00e1c nh\u00e0 khoa h\u1ecdc Ph\u00e1p sau g\u1ea7n 20 n\u0103m nghi\u00ean c\u1ee9u v\u00e0 9 th\u1eed nghi\u1ec7m l\u00e2m s\u00e0ng. D\u01b0\u1ee1ng ch\u1ea5t qu\u00fd gi\u00e1 n\u00e0y \u0111\u1ea1t ch\u1ee9ng nh\u1eadn GRAS \u2013 ch\u1ee9ng nh\u1eadn an to\u00e0n \u201ckh\u00f3 t\u00ednh\u201d nh\u1ea5t th\u1ebf gi\u1edbi do FDA Hoa K\u1ef3 c\u1ea5p.<\/p>\n<p>Lactium \u0111\u01b0\u1ee3c s\u1eed d\u1ee5ng nh\u01b0 m\u1ed9t d\u01b0\u1ee1ng ch\u1ea5t gi\u00fap nu\u00f4i d\u01b0\u1ee1ng n\u00e3o b\u1ed9, gi\u00fap em b\u00e9 \u0111i v\u00e0o gi\u1ea5c ng\u1ee7 m\u1ed9t c\u00e1ch nh\u1eb9 nh\u00e0ng v\u00e0 t\u1ef1 nhi\u00ean.<\/p>\n<h3>S\u1eeeA NON COLOSTRUM T\u1ed0T NH\u1ea4T TH\u1ebe GI\u1edaI<\/h3>\n<p>S\u1eefa non Prodiet Colostrum \u0111\u01b0\u1ee3c T\u1eadp \u0111o\u00e0n Ingredia chi\u1ebft xu\u1ea5t t\u1eeb s\u1eefa ng\u00e0y th\u1ee9 2 c\u1ee7a b\u00f2 m\u1eb9 v\u1edbi qu\u00e1 tr\u00ecnh ki\u1ec3m so\u00e1t v\u00e0 ch\u1ecdn l\u1ecdc c\u1ef1c k\u1ef3 nghi\u00eam ng\u1eb7t, cho h\u00e0m l\u01b0\u1ee3ng c\u00e1c ch\u1ea5t ho\u1ea1t t\u00ednh sinh h\u1ecdc (IgGs, IgAs, PrPs, Lactoferrin, v.v.) cao nh\u1ea5t th\u1ebf gi\u1edbi.<\/p>\n<p>V\u1edbi th\u00e0nh ph\u1ea7n s\u1eefa non Prodiet Colostrum, Soki Tium gi\u00fap tr\u1ebb ho\u00e0n thi\u1ec7n c\u00e1c ch\u1ee9c n\u0103ng ti\u00eau h\u00f3a v\u00e0 n\u00e3o b\u1ed9, t\u0103ng c\u01b0\u1eddng \u0111\u1ec1 kh\u00e1ng, ph\u00e1t tri\u1ec3n to\u00e0n di\u1ec7n.<\/p>\n<p><img loading=\"lazy\" decoding=\"async\" class=\"aligncenter wp-image-1142 size-full\" src=\"https:\/\/milk.themevivu.net\/wp-content\/uploads\/2022\/10\/banner-co-che.png\" alt=\"\" width=\"1165\" height=\"874\" srcset=\"https:\/\/khogiaodienmau.net\/milk\/wp-content\/uploads\/2022\/10\/banner-co-che.png 1165w, https:\/\/khogiaodienmau.net\/milk\/wp-content\/uploads\/2022\/10\/banner-co-che-300x225.png 300w, https:\/\/khogiaodienmau.net\/milk\/wp-content\/uploads\/2022\/10\/banner-co-che-1024x768.png 1024w, https:\/\/khogiaodienmau.net\/milk\/wp-content\/uploads\/2022\/10\/banner-co-che-768x576.png 768w, https:\/\/khogiaodienmau.net\/milk\/wp-content\/uploads\/2022\/10\/banner-co-che-600x450.png 600w\" sizes=\"auto, (max-width: 1165px) 100vw, 1165px\" \/><\/p>\n<\/div>\n","protected":false},"excerpt":{"rendered":"<div class=\"desciption fz-24 fw-700 cl-main-2 m-bottom-25\">\n<h3>Xoa d\u1ecbu v\u00e0 nu\u00f4i d\u01b0\u1ee1ng c\u01a1 th\u1ec3, gi\u00fap con ng\u1ee7 ngon s\u00e2u gi\u1ea5c<\/h3>\n<\/div>\n<p class=\"content fz-17\">SOKI TIUM l\u00e0 th\u1ef1c ph\u1ea9m b\u1ea3o v\u1ec7 s\u1ee9c kh\u1ecfe ho\u00e0n to\u00e0n t\u1eeb s\u1eefa, \u0110\u1ea6U TI\u00caN &amp; DUY NH\u1ea4T ch\u1ee9a \u0111\u1ea1m s\u1eefa th\u1ee7y ph\u00e2n Lactium v\u00e0 s\u1eefa non t\u1eeb Ph\u00e1p, l\u00e0m n\u00ean c\u01a1 ch\u1ebf \u201cD\u01b0\u1ee1ng Th\u01b0\u201d \u0111\u1ed9c \u0111\u00e1o gi\u00fap xoa d\u1ecbu v\u00e0 nu\u00f4i d\u01b0\u1ee1ng \u0111\u1ec3 b\u00e9 lu\u00f4n vui kho\u1ebb, gi\u1ea3m qu\u1ea5y kh\u00f3c, t\u1ea1o \u0111\u01b0\u1ee3c n\u1ebfp ng\u1ee7 ngoan \u0111\u1ea1t chu\u1ea9n \u0111\u00fang &#8211; \u0111\u1ee7 &#8211; \u0111\u1ec1u.<\/p>\n<p>SOKI TIUM: B\u1ea1n \u0111\u1ed3ng h\u00e0nh c\u00f9ng con v\u1eb9n tr\u00f2n gi\u1ea5c ng\u1ee7<\/p>\n","protected":false},"featured_media":1097,"comment_status":"open","ping_status":"closed","template":"","meta":[],"product_cat":[15],"product_tag":[],"class_list":["post-1096","product","type-product","status-publish","has-post-thumbnail","hentry","product_cat-uncategorized"],"_links":{"self":[{"href":"https:\/\/khogiaodienmau.net\/milk\/wp-json\/wp\/v2\/product\/1096","targetHints":{"allow":["GET"]}}],"collection":[{"href":"https:\/\/khogiaodienmau.net\/milk\/wp-json\/wp\/v2\/product"}],"about":[{"href":"https:\/\/khogiaodienmau.net\/milk\/wp-json\/wp\/v2\/types\/product"}],"replies":[{"embeddable":true,"href":"https:\/\/khogiaodienmau.net\/milk\/wp-json\/wp\/v2\/comments?post=1096"}],"wp:featuredmedia":[{"embeddable":true,"href":"https:\/\/khogiaodienmau.net\/milk\/wp-json\/wp\/v2\/media\/1097"}],"wp:attachment":[{"href":"https:\/\/khogiaodienmau.net\/milk\/wp-json\/wp\/v2\/media?parent=1096"}],"wp:term":[{"taxonomy":"product_cat","embeddable":true,"href":"https:\/\/khogiaodienmau.net\/milk\/wp-json\/wp\/v2\/product_cat?post=1096"},{"taxonomy":"product_tag","embeddable":true,"href":"https:\/\/khogiaodienmau.net\/milk\/wp-json\/wp\/v2\/product_tag?post=1096"}],"curies":[{"name":"wp","href":"https:\/\/api.w.org\/{rel}","templated":true}]}}