{"id":221,"date":"2021-07-31T08:47:49","date_gmt":"2021-07-31T01:47:49","guid":{"rendered":"http:\/\/thuysinh.toptheme.info\/?post_type=product&#038;p=221"},"modified":"2023-12-19T14:50:47","modified_gmt":"2023-12-19T07:50:47","slug":"kh-alkalinity-foundation-b-500ml-redsea","status":"publish","type":"product","link":"https:\/\/khogiaodienmau.net\/hoca\/kh-alkalinity-foundation-b-500ml-redsea\/","title":{"rendered":"Kh\/Alkalinity (foundation B) 500ml &#8211; Redsea"},"content":{"rendered":"<p>Canxi, magi\u00ea, stronti v\u00e0 cacbonat l\u00e0 nh\u1eefng y\u1ebfu t\u1ed1 n\u1ec1n t\u1ea3ng c\u01a1 b\u1ea3n c\u1ee7a b\u1ed9 x\u01b0\u01a1ng san h\u00f4.<\/p>\n<p>T\u1ea5t c\u1ea3 c\u00e1c y\u1ebfu t\u1ed1 n\u00e0y c\u1ea7n ph\u1ea3i c\u00f3 s\u1eb5n v\u00e0 c\u00f3 t\u1ef7 l\u1ec7 c\u00e2n b\u1eb1ng \u0111\u1ea3m b\u1ea3o cho t\u0103ng tr\u01b0\u1edfng ph\u00e1t tri\u1ec3n c\u1ee7a san h\u00f4 \u0111\u01b0\u1ee3c \u1ed5n \u0111\u1ecbnh .<\/p>\n<p>C\u00e1ch s\u1eed d\u1ee5ng :<\/p>\n<p>Khi pha 1ml\/ 100l n\u01b0\u1edbc s\u1ebd t\u0103ng Alk trong b\u1ec3 l\u00ean 0.1dKH<\/p>\n<p><strong>Li\u1ec1u l\u01b0\u1ee3ng s\u1eed d\u1ee5ng h\u00e0ng ng\u00e0y \/100l n\u01b0\u1edbc :<\/strong><\/p>\n<p>Lo\u1ea1i b\u1ec3 :<\/p>\n<ul>\n<li>B\u1ec3 san h\u00f4 h\u1ed7n h\u1ee3p\u00a0: 9ml<\/li>\n<li>SPS Frag : 18ml<\/li>\n<li>SPS Dominant : 12ml<\/li>\n<li>Dinh d\u01b0\u1ee1ng \u1edf m\u1ee9c r\u1ea5t th\u1ea5p : 6ml<\/li>\n<\/ul>\n","protected":false},"excerpt":{"rendered":"<p>T\u1ea5t c\u1ea3 c\u00e1c y\u1ebfu t\u1ed1 n\u00e0y c\u1ea7n ph\u1ea3i c\u00f3 s\u1eb5n v\u00e0 c\u00f3 t\u1ef7 l\u1ec7 c\u00e2n b\u1eb1ng \u0111\u1ea3m b\u1ea3o cho t\u0103ng tr\u01b0\u1edfng ph\u00e1t tri\u1ec3n c\u1ee7a san h\u00f4 \u0111\u01b0\u1ee3c \u1ed5n \u0111\u1ecbnh .<\/p>\n","protected":false},"featured_media":222,"comment_status":"open","ping_status":"closed","template":"","meta":[],"product_cat":[39,36],"product_tag":[],"class_list":{"0":"post-221","1":"product","2":"type-product","3":"status-publish","4":"has-post-thumbnail","6":"product_cat-bo-sung-ca-mg-kh","7":"product_cat-hoa-chat","8":"pa_nha-cung-cap-atman","10":"first","11":"instock","12":"shipping-taxable","13":"purchasable","14":"product-type-simple"},"yoast_head":"<!-- This site is optimized with the Yoast SEO plugin v22.6 - https:\/\/yoast.com\/wordpress\/plugins\/seo\/ -->\n<title>Kh\/Alkalinity (foundation B) 500ml - Redsea - M\u1eabu web b\u00e1n h\u00e0ng c\u00e1 c\u1ea3nh th\u1ee7y sinh<\/title>\n<meta name=\"robots\" content=\"index, follow, max-snippet:-1, max-image-preview:large, max-video-preview:-1\" \/>\n<link rel=\"canonical\" href=\"https:\/\/khogiaodienmau.net\/hoca\/kh-alkalinity-foundation-b-500ml-redsea\/\" \/>\n<meta property=\"og:locale\" content=\"vi_VN\" \/>\n<meta property=\"og:type\" content=\"article\" \/>\n<meta property=\"og:title\" content=\"Kh\/Alkalinity (foundation B) 500ml - Redsea - M\u1eabu web b\u00e1n h\u00e0ng c\u00e1 c\u1ea3nh th\u1ee7y sinh\" \/>\n<meta property=\"og:description\" content=\"T\u1ea5t c\u1ea3 c\u00e1c y\u1ebfu t\u1ed1 n\u00e0y c\u1ea7n ph\u1ea3i c\u00f3 s\u1eb5n v\u00e0 c\u00f3 t\u1ef7 l\u1ec7 c\u00e2n b\u1eb1ng \u0111\u1ea3m b\u1ea3o cho t\u0103ng tr\u01b0\u1edfng ph\u00e1t tri\u1ec3n c\u1ee7a san h\u00f4 \u0111\u01b0\u1ee3c \u1ed5n \u0111\u1ecbnh .\" \/>\n<meta property=\"og:url\" content=\"https:\/\/khogiaodienmau.net\/hoca\/kh-alkalinity-foundation-b-500ml-redsea\/\" \/>\n<meta property=\"og:site_name\" content=\"M\u1eabu web b\u00e1n h\u00e0ng c\u00e1 c\u1ea3nh th\u1ee7y sinh\" \/>\n<meta property=\"article:modified_time\" content=\"2023-12-19T07:50:47+00:00\" \/>\n<meta property=\"og:image\" content=\"https:\/\/khogiaodienmau.net\/hoca\/wp-content\/uploads\/2021\/07\/f-b.jpg\" \/>\n\t<meta property=\"og:image:width\" content=\"600\" \/>\n\t<meta property=\"og:image:height\" content=\"600\" \/>\n\t<meta property=\"og:image:type\" content=\"image\/jpeg\" \/>\n<meta name=\"twitter:card\" content=\"summary_large_image\" \/>\n<meta name=\"twitter:label1\" content=\"Gi\u00e1\" \/>\n\t<meta name=\"twitter:data1\" content=\"1.500.000&#8363;\" \/>\n\t<meta name=\"twitter:label2\" content=\"Kh\u1ea3 d\u1ee5ng\" \/>\n\t<meta name=\"twitter:data2\" content=\"Trong kho\" \/>\n<script type=\"application\/ld+json\" class=\"yoast-schema-graph\">{\"@context\":\"https:\/\/schema.org\",\"@graph\":[{\"@type\":\"WebPage\",\"@id\":\"https:\/\/khogiaodienmau.net\/hoca\/kh-alkalinity-foundation-b-500ml-redsea\/\",\"url\":\"https:\/\/khogiaodienmau.net\/hoca\/kh-alkalinity-foundation-b-500ml-redsea\/\",\"name\":\"Kh\/Alkalinity (foundation B) 500ml - Redsea - M\u1eabu web b\u00e1n h\u00e0ng c\u00e1 c\u1ea3nh th\u1ee7y sinh\",\"isPartOf\":{\"@id\":\"https:\/\/khogiaodienmau.net\/hoca\/#website\"},\"primaryImageOfPage\":{\"@id\":\"https:\/\/khogiaodienmau.net\/hoca\/kh-alkalinity-foundation-b-500ml-redsea\/#primaryimage\"},\"image\":{\"@id\":\"https:\/\/khogiaodienmau.net\/hoca\/kh-alkalinity-foundation-b-500ml-redsea\/#primaryimage\"},\"thumbnailUrl\":\"https:\/\/khogiaodienmau.net\/hoca\/wp-content\/uploads\/2021\/07\/f-b.jpg\",\"datePublished\":\"2021-07-31T01:47:49+00:00\",\"dateModified\":\"2023-12-19T07:50:47+00:00\",\"breadcrumb\":{\"@id\":\"https:\/\/khogiaodienmau.net\/hoca\/kh-alkalinity-foundation-b-500ml-redsea\/#breadcrumb\"},\"inLanguage\":\"vi\",\"potentialAction\":[{\"@type\":\"ReadAction\",\"target\":[\"https:\/\/khogiaodienmau.net\/hoca\/kh-alkalinity-foundation-b-500ml-redsea\/\"]}]},{\"@type\":\"ImageObject\",\"inLanguage\":\"vi\",\"@id\":\"https:\/\/khogiaodienmau.net\/hoca\/kh-alkalinity-foundation-b-500ml-redsea\/#primaryimage\",\"url\":\"https:\/\/khogiaodienmau.net\/hoca\/wp-content\/uploads\/2021\/07\/f-b.jpg\",\"contentUrl\":\"https:\/\/khogiaodienmau.net\/hoca\/wp-content\/uploads\/2021\/07\/f-b.jpg\",\"width\":600,\"height\":600},{\"@type\":\"BreadcrumbList\",\"@id\":\"https:\/\/khogiaodienmau.net\/hoca\/kh-alkalinity-foundation-b-500ml-redsea\/#breadcrumb\",\"itemListElement\":[{\"@type\":\"ListItem\",\"position\":1,\"name\":\"Trang ch\u1ee7\",\"item\":\"https:\/\/khogiaodienmau.net\/hoca\/\"},{\"@type\":\"ListItem\",\"position\":2,\"name\":\"C\u1eeda h\u00e0ng\",\"item\":\"https:\/\/khogiaodienmau.net\/hoca\/cua-hang\/\"},{\"@type\":\"ListItem\",\"position\":3,\"name\":\"H\u00f3a ch\u1ea5t\",\"item\":\"https:\/\/khogiaodienmau.net\/hoca\/danh-muc\/hoa-chat\/\"},{\"@type\":\"ListItem\",\"position\":4,\"name\":\"B\u1ed5 sung Ca, MG, KH+\",\"item\":\"https:\/\/khogiaodienmau.net\/hoca\/danh-muc\/hoa-chat\/bo-sung-ca-mg-kh\/\"},{\"@type\":\"ListItem\",\"position\":5,\"name\":\"Kh\/Alkalinity (foundation B) 500ml &#8211; Redsea\"}]},{\"@type\":\"WebSite\",\"@id\":\"https:\/\/khogiaodienmau.net\/hoca\/#website\",\"url\":\"https:\/\/khogiaodienmau.net\/hoca\/\",\"name\":\"M\u1eabu web b\u00e1n h\u00e0ng c\u00e1 c\u1ea3nh th\u1ee7y sinh\",\"description\":\"Theme web, theme wordpress, theme web b\u00e1n h\u00e0ng, theme web t\u1ed5ng h\u1ee3p, m\u1eabu web b\u00e1n h\u00e0ng, m\u1eabu web \u0111\u1eb9p. Ch\u1ec9 c\u1ea7n 5 ph\u00fat c\u00e0i \u0111\u1eb7t l\u00e0 c\u00f3 ngay website ho\u00e0n ch\u1ec9nh, d\u1ec5 d\u00e0ng t\u00f9y bi\u1ebfn v\u00e0 thay \u0111\u1ed5i th\u00f4ng tin tr\u00ean web\",\"potentialAction\":[{\"@type\":\"SearchAction\",\"target\":{\"@type\":\"EntryPoint\",\"urlTemplate\":\"https:\/\/khogiaodienmau.net\/hoca\/?s={search_term_string}\"},\"query-input\":\"required name=search_term_string\"}],\"inLanguage\":\"vi\"}]}<\/script>\n<meta property=\"product:price:amount\" content=\"1500000\" \/>\n<meta property=\"product:price:currency\" content=\"VND\" \/>\n<meta property=\"og:availability\" content=\"instock\" \/>\n<meta property=\"product:availability\" content=\"instock\" \/>\n<meta property=\"product:condition\" content=\"new\" \/>\n<!-- \/ Yoast SEO plugin. -->","yoast_head_json":{"title":"Kh\/Alkalinity (foundation B) 500ml - Redsea - M\u1eabu web b\u00e1n h\u00e0ng c\u00e1 c\u1ea3nh th\u1ee7y sinh","robots":{"index":"index","follow":"follow","max-snippet":"max-snippet:-1","max-image-preview":"max-image-preview:large","max-video-preview":"max-video-preview:-1"},"canonical":"https:\/\/khogiaodienmau.net\/hoca\/kh-alkalinity-foundation-b-500ml-redsea\/","og_locale":"vi_VN","og_type":"article","og_title":"Kh\/Alkalinity (foundation B) 500ml - Redsea - M\u1eabu web b\u00e1n h\u00e0ng c\u00e1 c\u1ea3nh th\u1ee7y sinh","og_description":"T\u1ea5t c\u1ea3 c\u00e1c y\u1ebfu t\u1ed1 n\u00e0y c\u1ea7n ph\u1ea3i c\u00f3 s\u1eb5n v\u00e0 c\u00f3 t\u1ef7 l\u1ec7 c\u00e2n b\u1eb1ng \u0111\u1ea3m b\u1ea3o cho t\u0103ng tr\u01b0\u1edfng ph\u00e1t tri\u1ec3n c\u1ee7a san h\u00f4 \u0111\u01b0\u1ee3c \u1ed5n \u0111\u1ecbnh .","og_url":"https:\/\/khogiaodienmau.net\/hoca\/kh-alkalinity-foundation-b-500ml-redsea\/","og_site_name":"M\u1eabu web b\u00e1n h\u00e0ng c\u00e1 c\u1ea3nh th\u1ee7y sinh","article_modified_time":"2023-12-19T07:50:47+00:00","og_image":[{"width":600,"height":600,"url":"https:\/\/khogiaodienmau.net\/hoca\/wp-content\/uploads\/2021\/07\/f-b.jpg","type":"image\/jpeg"}],"twitter_card":"summary_large_image","twitter_misc":{"Gi\u00e1":"1.500.000&#8363;","Kh\u1ea3 d\u1ee5ng":"Trong kho"},"schema":{"@context":"https:\/\/schema.org","@graph":[{"@type":"WebPage","@id":"https:\/\/khogiaodienmau.net\/hoca\/kh-alkalinity-foundation-b-500ml-redsea\/","url":"https:\/\/khogiaodienmau.net\/hoca\/kh-alkalinity-foundation-b-500ml-redsea\/","name":"Kh\/Alkalinity (foundation B) 500ml - Redsea - M\u1eabu web b\u00e1n h\u00e0ng c\u00e1 c\u1ea3nh th\u1ee7y sinh","isPartOf":{"@id":"https:\/\/khogiaodienmau.net\/hoca\/#website"},"primaryImageOfPage":{"@id":"https:\/\/khogiaodienmau.net\/hoca\/kh-alkalinity-foundation-b-500ml-redsea\/#primaryimage"},"image":{"@id":"https:\/\/khogiaodienmau.net\/hoca\/kh-alkalinity-foundation-b-500ml-redsea\/#primaryimage"},"thumbnailUrl":"https:\/\/khogiaodienmau.net\/hoca\/wp-content\/uploads\/2021\/07\/f-b.jpg","datePublished":"2021-07-31T01:47:49+00:00","dateModified":"2023-12-19T07:50:47+00:00","breadcrumb":{"@id":"https:\/\/khogiaodienmau.net\/hoca\/kh-alkalinity-foundation-b-500ml-redsea\/#breadcrumb"},"inLanguage":"vi","potentialAction":[{"@type":"ReadAction","target":["https:\/\/khogiaodienmau.net\/hoca\/kh-alkalinity-foundation-b-500ml-redsea\/"]}]},{"@type":"ImageObject","inLanguage":"vi","@id":"https:\/\/khogiaodienmau.net\/hoca\/kh-alkalinity-foundation-b-500ml-redsea\/#primaryimage","url":"https:\/\/khogiaodienmau.net\/hoca\/wp-content\/uploads\/2021\/07\/f-b.jpg","contentUrl":"https:\/\/khogiaodienmau.net\/hoca\/wp-content\/uploads\/2021\/07\/f-b.jpg","width":600,"height":600},{"@type":"BreadcrumbList","@id":"https:\/\/khogiaodienmau.net\/hoca\/kh-alkalinity-foundation-b-500ml-redsea\/#breadcrumb","itemListElement":[{"@type":"ListItem","position":1,"name":"Trang ch\u1ee7","item":"https:\/\/khogiaodienmau.net\/hoca\/"},{"@type":"ListItem","position":2,"name":"C\u1eeda h\u00e0ng","item":"https:\/\/khogiaodienmau.net\/hoca\/cua-hang\/"},{"@type":"ListItem","position":3,"name":"H\u00f3a ch\u1ea5t","item":"https:\/\/khogiaodienmau.net\/hoca\/danh-muc\/hoa-chat\/"},{"@type":"ListItem","position":4,"name":"B\u1ed5 sung Ca, MG, KH+","item":"https:\/\/khogiaodienmau.net\/hoca\/danh-muc\/hoa-chat\/bo-sung-ca-mg-kh\/"},{"@type":"ListItem","position":5,"name":"Kh\/Alkalinity (foundation B) 500ml &#8211; Redsea"}]},{"@type":"WebSite","@id":"https:\/\/khogiaodienmau.net\/hoca\/#website","url":"https:\/\/khogiaodienmau.net\/hoca\/","name":"M\u1eabu web b\u00e1n h\u00e0ng c\u00e1 c\u1ea3nh th\u1ee7y sinh","description":"Theme web, theme wordpress, theme web b\u00e1n h\u00e0ng, theme web t\u1ed5ng h\u1ee3p, m\u1eabu web b\u00e1n h\u00e0ng, m\u1eabu web \u0111\u1eb9p. Ch\u1ec9 c\u1ea7n 5 ph\u00fat c\u00e0i \u0111\u1eb7t l\u00e0 c\u00f3 ngay website ho\u00e0n ch\u1ec9nh, d\u1ec5 d\u00e0ng t\u00f9y bi\u1ebfn v\u00e0 thay \u0111\u1ed5i th\u00f4ng tin tr\u00ean web","potentialAction":[{"@type":"SearchAction","target":{"@type":"EntryPoint","urlTemplate":"https:\/\/khogiaodienmau.net\/hoca\/?s={search_term_string}"},"query-input":"required name=search_term_string"}],"inLanguage":"vi"}]},"product_price_amount":"1500000","product_price_currency":"VND","og_availability":"instock","product_availability":"instock","product_condition":"new"},"_links":{"self":[{"href":"https:\/\/khogiaodienmau.net\/hoca\/wp-json\/wp\/v2\/product\/221","targetHints":{"allow":["GET"]}}],"collection":[{"href":"https:\/\/khogiaodienmau.net\/hoca\/wp-json\/wp\/v2\/product"}],"about":[{"href":"https:\/\/khogiaodienmau.net\/hoca\/wp-json\/wp\/v2\/types\/product"}],"replies":[{"embeddable":true,"href":"https:\/\/khogiaodienmau.net\/hoca\/wp-json\/wp\/v2\/comments?post=221"}],"wp:featuredmedia":[{"embeddable":true,"href":"https:\/\/khogiaodienmau.net\/hoca\/wp-json\/wp\/v2\/media\/222"}],"wp:attachment":[{"href":"https:\/\/khogiaodienmau.net\/hoca\/wp-json\/wp\/v2\/media?parent=221"}],"wp:term":[{"taxonomy":"product_cat","embeddable":true,"href":"https:\/\/khogiaodienmau.net\/hoca\/wp-json\/wp\/v2\/product_cat?post=221"},{"taxonomy":"product_tag","embeddable":true,"href":"https:\/\/khogiaodienmau.net\/hoca\/wp-json\/wp\/v2\/product_tag?post=221"}],"curies":[{"name":"wp","href":"https:\/\/api.w.org\/{rel}","templated":true}]}}