{"id":445,"date":"2024-02-05T23:17:05","date_gmt":"2024-02-05T16:17:05","guid":{"rendered":"http:\/\/phukien.ninhbinhweb.top\/?post_type=product&#038;p=445"},"modified":"2024-02-06T13:35:23","modified_gmt":"2024-02-06T06:35:23","slug":"den-treo-man-hinh-chong-choi-bao-ve-mat-baseus-i-wok2-series-screen-hanging-light-i-wok2-youth-new-edition-ra95-i-wok2-usb-asymmetric-full-spectrum-color-touch-control","status":"publish","type":"product","link":"https:\/\/khogiaodienmau.net\/dienthoai04\/den-treo-man-hinh-chong-choi-bao-ve-mat-baseus-i-wok2-series-screen-hanging-light-i-wok2-youth-new-edition-ra95-i-wok2-usb-asymmetric-full-spectrum-color-touch-control\/","title":{"rendered":"\u0110\u00e8n Treo M\u00e0n H\u00ecnh Ch\u1ed1ng Ch\u00f3i B\u1ea3o V\u1ec7 M\u1eaft Baseus i-wok2 Series Screen Hanging Light (I-wok2 Youth New Edition, Ra>95, i-wok2 USB Asymmetric, Full Spectrum Color, Touch Control)"},"content":{"rendered":"<h2>T\u00ednh N\u0103ng\u00a0\u0110\u00e8n Treo M\u00e0n H\u00ecnh Ch\u1ed1ng Ch\u00f3i B\u1ea3o V\u1ec7 M\u1eaft Baseus i-wok2 Series Screen Hanging Light (Youth)<\/h2>\n<p>&#8211;\u00a0<a href=\"https:\/\/baseus.vn\/collections\/den-chieu-sang\" target=\"_blank\" rel=\"noopener\">\u0110\u00e8n<\/a>\u00a0Treo M\u00e0n H\u00ecnh\u00a0<strong>Baseus i-wok2<\/strong>\u00a0\u0111\u01b0\u1ee3c thi\u1ebft k\u1ebf \u00e1nh s\u00e1ng kh\u00f4ng \u0111\u1ed1i x\u1ee9ng, chi\u1ebfu s\u00e1ng kh\u00f4ng gian l\u00e0m vi\u1ec7c c\u1ee7a b\u1ea1n ch\u1ee9 kh\u00f4ng ph\u1ea3i m\u00e0n h\u00ecnh m\u00e1y t\u00ednh c\u00f3 tr\u1ea3i nghi\u1ec7m t\u1ed1i \u01b0u nh\u1ea5t. G\u00f3c chi\u1ebfu \u0111\u1ecbnh h\u01b0\u1edbng kh\u00f4ng b\u1ecb ch\u00f3i ph\u1ea3n x\u1ea1 h\u1ea1i m\u1eaft.<\/p>\n<p>&#8211; Hi\u1ec3n th\u1ec9 m\u00e0u to\u00e0n ph\u1ed5 mang \u0111\u1ebfn\u00a0\u00e1nh s\u00e1ng th\u1ef1c t\u1ebf nh\u1ea5t. Ch\u1ec9 s\u1ed1 k\u1ebft xu\u1ea5t m\u00e0u tr\u00ean 95 Ra kh\u00f4i ph\u1ee5c l\u1ea1i m\u00e0u s\u1eafc ban \u0111\u1ea7u cho ph\u00e9p b\u1ea1n tr\u1ea3i nghi\u1ec7m h\u00ecnh \u1ea3nh \u0111\u1eb7c bi\u1ec7t<\/p>\n<p>&#8211;\u00a0<strong><a href=\"https:\/\/baseus.vn\/\" target=\"_blank\" rel=\"noopener\">Baseus<\/a>\u00a0i-wok2<\/strong>\u00a0\u0111\u01b0\u1ee3c trang b\u1ecb 80 b\u00f3ng \u0111\u00e8n Led c\u00f4ng su\u1ea5t cao l\u00e0m s\u00e1ng kh\u00f4ng gian l\u00e0m vi\u1ec7c gi\u00fap b\u1ea1n t\u1eadp trung h\u01a1n kh\u00f4ng g\u00e2y bu\u1ed3n ng\u1ee7 ngh\u0129 ra nhi\u1ec1u \u00fd t\u01b0\u1edfng m\u1edbi tuy\u1ec7t v\u1eddi ngay tr\u00ean b\u00e0n l\u00e0m vi\u1ec7c.<\/p>\n<p>&#8211; \u0110\u00e8n t\u1ea7ng s\u1ed1 qu\u00e9t c\u1ef1c cao lo\u1ea1i b\u1ecf \u00e1nh s\u00e1ng\u00a0xanh g\u00e2y h\u1ea1i m\u1eaft\u00a0mang \u0111\u1ebfn \u00e1nh s\u00e1ng \u0111\u1ed3ng \u0111\u1ec1u v\u00e0 \u1ed5n \u0111\u1ecbnh, ch\u1ed1ng m\u1ecfi m\u1eaft. Kh\u1ea3 n\u0103ng \u0111i\u1ec1u ch\u1ec9nh t\u00f4ng m\u00e0u \u1ea3nh s\u00e1ng v\u1edbi 3 d\u1ea3i \u00e1nh s\u00e1ng ph\u1ed5 bi\u1ebfn hi\u1ec7n nay :<\/p>\n<ul>\n<li>\u00c1nh s\u00e1ng 6500k : c\u00f3 m\u00e0u tr\u1eafng m\u00e1t m\u1ebb. \u0110\u00e2y l\u00e0 m\u00e0u s\u1eafc \u00e1nh s\u00e1ng g\u1ea7n v\u1edbi \u00e1nh s\u00e1ng ban ng\u00e0y nh\u1ea5t, l\u00ed t\u01b0\u1edfng cho kh\u00f4ng gian m\u00f4i tr\u01b0\u1eddng l\u00e0m vi\u1ec7c, nghi\u00ean c\u1ee9u. Ph\u00f9 h\u1ee3p nh\u1eefng c\u00f4ng vi\u1ec7c c\u1ea7n s\u1ef1 t\u1eadp trung cao, t\u1ec9nh t\u00e1o. Ch\u00fang k\u00edch th\u00edch s\u1ea3n sinh hoocmon melanopsin k\u00edch th\u00edch s\u1ef1 t\u1ec9nh t\u00e1o trong m\u1eaft ng\u01b0\u1eddi gi\u1ea3m thi\u1ec3u tr\u1ea1ng th\u00e1i bu\u1ed3n ng\u1ee7.<\/li>\n<li>\u00c1nh s\u00e1ng 4000k : mang \u0111\u1ebfn cho ng\u01b0\u1eddi d\u00f9ng c\u1ea3m gi\u00e1c d\u1ec5 ch\u1ecbu, vui v\u1ebb, l\u1ea1c quan, l\u00fac l\u00e0m vi\u1ec7c s\u1ebd cho hi\u1ec7u\u00a0qu\u1ea3 c\u00f4ng vi\u1ec7c, n\u0103ng su\u1ea5t\u00a0cao h\u01a1n\u00a0\u00a0ho\u1eb7c l\u00fac v\u1ec1 nh\u00e0, b\u1ea1n\u00a0s\u1ebd c\u00f3 c\u1ea3m gi\u00e1c th\u01b0 gi\u1ea3n khi ph\u00f2ng m\u00ecnh c\u00f3 \u00e1nh s\u00e1ng 4000k. V\u00ec v\u1eady \u1edf nh\u1eefng v\u0103n ph\u00f2ng c\u00f4ng ty, hay nh\u00e0 ph\u1ed1, bi\u1ec7t th\u1ef1, ng\u01b0\u1eddi ta hay s\u1eed d\u1ee5ng\u00a0gi\u00fap n\u00e2ng cao hi\u1ec7u qu\u1ea3\u00a0c\u00f4ng vi\u1ec7c, th\u01b0 gi\u1ea3n h\u01a1n, d\u1ec5 ch\u1ecbu h\u01a1n.<\/li>\n<li>\u00c1nh\u00a0s\u00e1ng 2700k : \u00c1nh s\u00e1ng tr\u1eafng \u1ea5m Khi \u0111\u01b0\u1ee3c th\u1eafp s\u00e1ng, n\u00f3 t\u1ea1o c\u1ea3m gi\u00e1c &#8220;\u1ea5m \u00e1p&#8221; cho ng\u01b0\u1eddi nh\u00ecn. V\u00ec v\u1eady, Warm White l\u00e0 l\u1ef1a ch\u1ecdn ho\u00e0n h\u1ea3o \u0111\u1ec3 t\u1ea1o ra b\u1ea7u kh\u00f4ng kh\u00ed \u1ea5m c\u00fang trong nh\u1eefng khu v\u1ef1c th\u01b0 gi\u00e3n v\u1edbi ng\u01b0\u1eddi th\u00e2n v\u00e0 b\u1ea1n b\u00e8 trong kh\u00f4ng gian gia \u0111\u00ecnh.Th\u00edch h\u1ee3p \u0111\u1ec3 ch\u01a1i game, vui ch\u01a1i gi\u1ea3i tr\u00ed.<\/li>\n<\/ul>\n<h2>H\u00ecnh \u1ea2nh\u00a0\u0110\u00e8n Treo M\u00e0n H\u00ecnh Ch\u1ed1ng Ch\u00f3i B\u1ea3o V\u1ec7 M\u1eaft Baseus i-wok2 Series Screen Hanging Light (Youth)<\/h2>\n<p><img decoding=\"async\" src=\"https:\/\/file.hstatic.net\/1000152881\/file\/0_01_2f56bd33accb4a6ca15cfda37d54b8b6.jpg\" \/><\/p>\n<p><img decoding=\"async\" src=\"https:\/\/file.hstatic.net\/1000152881\/file\/0_02_c9426e99962e441a9420b4a82f2441f3.jpg\" \/><\/p>\n","protected":false},"excerpt":{"rendered":"<p>\u0110\u00e8n chi\u1ebfu s\u00e1ng d\u1ea1ng treo tr\u00ean m\u00e0n h\u00ecnh m\u00e1y t\u00ednh<\/p>\n<p>Thi\u1ebft k\u1ebf th\u00f4ng minh ti\u1ebft ki\u1ec7m di\u1ec7n t\u00edch<\/p>\n<p>T\u00e1i t\u1ea1o \u00e1nh s\u00e1ng to\u00e0n d\u00e3y t\u1ef1 nhi\u00ean (Full Spectrum), c\u00f3 Ra &gt; 95.<\/p>\n<p>\u0110\u00e1p \u1ee9ng m\u1ecdi nhu c\u1ea7u s\u1eed d\u1ee5ng: T\u1eeb l\u00e0m vi\u1ec7c cho \u0111\u1ebfn \u0111\u1ecdc s\u00e1ch, h\u1ecdc t\u1eadp, ch\u01a1i game<\/p>\n<p>C\u00e1c d\u1ea3i m\u00e0u: \u00c1nh s\u00e1ng tr\u1eafng t\u1ef1 nhi\u00ean (Daylight) 63000K, Trung t\u00ednh (Cool Light) 4000K, \u1ea4m (Warm) 2700K<\/p>\n<p>\u0110i\u1ec1u ch\u1ec9nh \u0111\u1ed9 s\u00e1ng c\u1ee7a \u0111\u00e8n linh ho\u1ea1t b\u1eb1ng ph\u00edm c\u1ea3m \u1ee9ng tr\u00ean \u0111\u00e8n<\/p>\n<p>S\u1eed d\u1ee5ng ngu\u1ed3n c\u1ea5p \u0111i\u1ec7n b\u1eb1ng c\u00e1p USB, c\u00f3 th\u1ec3 s\u1eed d\u1ee5ng ngu\u1ed3n \u0111i\u1ec7n t\u1eeb m\u00e1y t\u00ednh, c\u1ee7 s\u1ea1c \u0111i\u1ec7n tho\u1ea1i, pin d\u1ef1 ph\u00f2ng<\/p>\n","protected":false},"featured_media":446,"comment_status":"open","ping_status":"closed","template":"","meta":[],"product_cat":[102,89,96],"product_tag":[],"class_list":["post-445","product","type-product","status-publish","has-post-thumbnail","hentry","product_cat-de-giu-ipad-tablet-laptop","product_cat-phu-kien-may-tinh-laptop","product_cat-setup-decor-ban-lam-viec"],"acf":[],"_links":{"self":[{"href":"https:\/\/khogiaodienmau.net\/dienthoai04\/wp-json\/wp\/v2\/product\/445","targetHints":{"allow":["GET"]}}],"collection":[{"href":"https:\/\/khogiaodienmau.net\/dienthoai04\/wp-json\/wp\/v2\/product"}],"about":[{"href":"https:\/\/khogiaodienmau.net\/dienthoai04\/wp-json\/wp\/v2\/types\/product"}],"replies":[{"embeddable":true,"href":"https:\/\/khogiaodienmau.net\/dienthoai04\/wp-json\/wp\/v2\/comments?post=445"}],"wp:featuredmedia":[{"embeddable":true,"href":"https:\/\/khogiaodienmau.net\/dienthoai04\/wp-json\/wp\/v2\/media\/446"}],"wp:attachment":[{"href":"https:\/\/khogiaodienmau.net\/dienthoai04\/wp-json\/wp\/v2\/media?parent=445"}],"wp:term":[{"taxonomy":"product_cat","embeddable":true,"href":"https:\/\/khogiaodienmau.net\/dienthoai04\/wp-json\/wp\/v2\/product_cat?post=445"},{"taxonomy":"product_tag","embeddable":true,"href":"https:\/\/khogiaodienmau.net\/dienthoai04\/wp-json\/wp\/v2\/product_tag?post=445"}],"curies":[{"name":"wp","href":"https:\/\/api.w.org\/{rel}","templated":true}]}}