{"id":423,"date":"2024-02-05T23:01:47","date_gmt":"2024-02-05T16:01:47","guid":{"rendered":"http:\/\/phukien.ninhbinhweb.top\/?post_type=product&#038;p=423"},"modified":"2024-02-07T09:38:04","modified_gmt":"2024-02-07T02:38:04","slug":"pin-sac-du-phong-baseus-bipow-digital-display-power-bank-15w-20w-usb2type-c-led-display-2-way-fast-charge-2023-new-upgrade-edition-thuong-hieu-baseus-ma-hang-lva020-1k-15-tinh-trang-con-h","status":"publish","type":"product","link":"https:\/\/khogiaodienmau.net\/dienthoai04\/pin-sac-du-phong-baseus-bipow-digital-display-power-bank-15w-20w-usb2type-c-led-display-2-way-fast-charge-2023-new-upgrade-edition-thuong-hieu-baseus-ma-hang-lva020-1k-15-tinh-trang-con-h\/","title":{"rendered":"Pin s\u1ea1c d\u1ef1 ph\u00f2ng Baseus Bipow Digital Display Power Bank (15W\/20W, USB*2+Type C, LED Display, 2 Way Fast charge, 2023 New upgrade Edition) Th\u01b0\u01a1ng hi\u1ec7u: BASEUS M\u00e3 h\u00e0ng: LVA020-1K-15   T\u00ecnh tr\u1ea1ng: C\u00f2n h\u00e0ng"},"content":{"rendered":"<h2>Gi\u1edbi thi\u1ec7u s\u1ea3n ph\u1ea9m\u00a0Pin s\u1ea1c d\u1ef1 ph\u00f2ng Baseus Bipow Digital Display Power bank (15W\/20W, USB*2+Type C, LED Display, 2 Way Fast charge )<\/h2>\n<p><em>B\u1ea5t k\u00ec ai trong ch\u00fang ta \u0111\u1ec1u kh\u00f4ng th\u1ec3 thi\u1ebfu nh\u1eefng chuy\u1ebfn \u0111i t\u1eeb h\u1ecdc t\u1eadp, c\u00f4ng t\u00e1c \u0111\u1ebfn \u0111i du l\u1ecbch v\u1edbi b\u1ea1n b\u00e8, v\u00e0 nh\u1eefng l\u00fac \u0111\u00f3 ch\u00fang ta lu\u00f4n c\u1ea7n m\u1ed9t pin s\u1ea1c d\u1ef1 ph\u00f2ng v\u1edbi dung l\u01b0\u1ee3ng cao \u0111\u1ec3 c\u00f3 th\u1ec3 \u0111\u1ea3m b\u1ea3o \u0111i\u1ec7n tho\u1ea1i hay iPad c\u1ee7a m\u00ecnh lu\u00f4n c\u00f3 th\u1ec3 s\u1ea1c \u0111\u1ea7y khi c\u1ea7n thi\u1ebft.\u00a0<strong><a href=\"https:\/\/baseus.vn\/collections\/pin-sac-du-phong\" target=\"_blank\" rel=\"noopener\">Pin d\u1ef1 ph\u00f2ng<\/a>\u00a0Baseus Bipow Digital Display<\/strong>\u00a0l\u00e0 m\u1ed9t g\u1ee3i \u00fd \u0111\u00e1ng tham kh\u1ea3o cho nhu c\u1ea7u c\u1ee7a b\u1ea1n.<\/em><\/p>\n<h2>T\u00ednh n\u0103ng\u00a0Baseus Bipow Digital Display Power bank (15W\/20W, USB*2+Type C, LED Display, 2 Way Fast charge)<\/h2>\n<p>&#8211;\u00a0Baseus Bipow\u00a0l\u00e0 m\u1ed9t s\u1ea3n ph\u1ea9m v\u1edbi t\u00ednh linh \u0111\u1ed9ng cao nh\u1edd v\u00e0o thi\u1ebft k\u1ebf nh\u1ecf g\u1ecdn gi\u00fap b\u1ea1n d\u1ec5 d\u00e0ng mang theo m\u00e0 kh\u00f4ng chi\u1ebfm nhi\u1ec1u di\u1ec7n t\u00edch trong t\u00fai hay balo c\u1ee7a b\u1ea1n. Nh\u1edd thi\u1ebft k\u1ebf n\u00e0y g\u00f3p ph\u1ea7n gi\u00fap h\u1ea1n ch\u1ebf s\u1ef1 c\u1ed3ng k\u1ec1nh hay v\u01b0\u1edbng v\u00edu khi b\u1ea1n s\u1ea1c c\u00e1c thi\u1ebft b\u1ecb c\u1ee7a m\u00ecnh. Ngo\u00e0i ra c\u00f3 nhi\u1ec1u dung l\u01b0\u1ee3ng &amp; c\u00f4ng su\u1ea5t\u00a0\u0111\u1ec3 b\u1ea1n l\u1ef1a ch\u1ecdn ph\u00f9 h\u1ee3p\u00a0theo nhu c\u1ea7u s\u1eed d\u1ee5ng\u00a0c\u1ee7a m\u1ed7i\u00a0ng\u01b0\u1eddi.<\/p>\n<p>&#8211; Trang b\u1ecb vi\u00ean pin polymer lithium ch\u1ea5t l\u01b0\u1ee3ng cao \u0111\u1ea3m b\u1ea3o s\u1ea1c, x\u1ea3 an to\u00e0n tuy\u1ec7t \u0111\u1ed1i v\u1edbi m\u1ea1ch c\u1ea3m bi\u1ebfn nhi\u1ec7t \u0111\u1ed9 NTC cung c\u1ea5p kh\u1ea3 n\u0103ng ng\u0103n ng\u1eeba qu\u00e1 nhi\u1ec7t, qu\u00e1 d\u00f2ng trong l\u00fac s\u1eed d\u1ee5ng m\u00e0 kh\u00f4ng lo b\u1ecb ch\u00e1y n\u1ed5.<\/p>\n<p>&#8211; Chip x\u1eed l\u00ed th\u00f4ng minh t\u1ef1 \u0111\u1ed9ng nh\u1eadn d\u1ea1ng thi\u1ebft b\u1ecb xu\u1ea5t ra d\u00f2ng \u0111i\u1ec7n c\u1ea7n thi\u1ebft cho c\u00e1c thi\u1ebft b\u1ecb kh\u00e1c nhau kh\u00f4ng g\u00e2y \u1ea3nh h\u01b0\u1edfng pin \u0111\u1ebfn c\u00e1c thi\u1ebft b\u1ecb d\u00f9ng ngu\u1ed3n \u0111i\u1ec7n th\u1ea5p.<\/p>\n<p>&#8211; Ch\u1ea5t li\u1ec7u v\u1ecf \u0111\u01b0\u1ee3c n\u00e2ng c\u1ea5p b\u1eb1ng quy tr\u00ecnh Laser hi\u1ec7n \u0111\u1ea1i ch\u1ed1ng th\u1ea5m m\u1ed3 h\u00f4i &amp; ch\u1ed1ng v\u00e2n tay t\u1ea1o c\u1ea3m gi\u00e1c tho\u1ea3i m\u00e1i khi c\u1ea7m v\u00e0o m\u00f9a h\u00e8. M\u1eb7t tr\u00ean \u0111\u01b0\u1ee3c t\u00ednh h\u1ee3p \u0111\u00e8n Led hi\u1ec3n th\u1ecb % pin theo dung l\u01b0\u1ee3ng th\u1ef1c, d\u1ec5 d\u00e0ng nh\u1eadn bi\u1ebft khi s\u1eed d\u1ee5ng.<\/p>\n<p>&#8211;\u00a0Baseus Bipow ph\u00f9 h\u1ee3p v\u1edbi\u00a0ti\u00eau chu\u1ea9n v\u1eadn chuy\u1ec3n\u00a0c\u1ee7a\u00a0h\u00e0ng kh\u00f4ng Qu\u1ed1c T\u1ebf, \u0111\u01b0\u1ee3c ph\u00e9p s\u1eed d\u1ee5ng v\u00e0\u00a0m\u1ea1ng l\u00ean\u00a0m\u00e1y bay \u1edf b\u1ea5t c\u1ee9 Qu\u1ed1c Gia\u00a0n\u00e0o.<\/p>\n<p><em>B\u1ea1n \u0111ang mu\u1ed1n s\u1eafm m\u1ed9t chi\u1ebfc pin d\u1ef1 ph\u00f2ng\u00a0ch\u1ea5t l\u01b0\u1ee3ng, \u0111\u1ea3m b\u1ea3o, h\u1eadu \u0111\u00e3i t\u1ed1t? H\u00e3y \u0111\u1ebfn ngay\u00a0<a href=\"https:\/\/baseus.vn\/\" target=\"_blank\" rel=\"noopener\">Baseus Vi\u00eat Nam<\/a>\u00a0\u0111\u1ec3 \u0111\u01b0\u1ee3c s\u1edf h\u1eefu s\u1ea3n ph\u1ea9m t\u1ed1t nh\u1ea5t.\u00a0<\/em><\/p>\n<h2>H\u00ecnh \u1ea3nh chi ti\u1ebft\u00a0Pin s\u1ea1c d\u1ef1 ph\u00f2ng Baseus Bipow Digital Display Power bank (15W\/20W, USB*2+Type C, LED Display, 2 Way Fast charge )<\/h2>\n<p><img decoding=\"async\" src=\"https:\/\/file.hstatic.net\/1000152881\/file\/seus_bipow_digital_display_power_bank_20000mah_15w_black_new_folder__1_8a3136bc97ae45af99e24d390a6eaf78.jpg\" \/><\/p>\n<p><img decoding=\"async\" src=\"https:\/\/file.hstatic.net\/1000152881\/file\/baseus_bipow_digital_display_power_bank_20000mah_15w_black_images__001_0866550336a4415ea6f4b83377f2f3f6.jpg\" \/><\/p>\n","protected":false},"excerpt":{"rendered":"<p>&#8211; Trang b\u1ecb vi\u00ean pin polymer lithium ch\u1ea5t l\u01b0\u1ee3ng cao \u0111\u1ea3m b\u1ea3o s\u1ea1c, x\u1ea3 an to\u00e0n tuy\u1ec7t \u0111\u1ed1i v\u1edbi m\u1ea1ch c\u1ea3m bi\u1ebfn nhi\u1ec7t \u0111\u1ed9 NTC cung c\u1ea5p kh\u1ea3 n\u0103ng ng\u0103n ng\u1eeba qu\u00e1 nhi\u1ec7t, qu\u00e1 d\u00f2ng trong l\u00fac s\u1eed d\u1ee5ng m\u00e0 kh\u00f4ng lo b\u1ecb ch\u00e1y n\u1ed5.<\/p>\n<p>&#8211; Chip x\u1eed l\u00ed th\u00f4ng minh t\u1ef1 \u0111\u1ed9ng nh\u1eadn d\u1ea1ng thi\u1ebft b\u1ecb xu\u1ea5t ra d\u00f2ng \u0111i\u1ec7n c\u1ea7n thi\u1ebft cho c\u00e1c thi\u1ebft b\u1ecb kh\u00e1c nhau kh\u00f4ng g\u00e2y \u1ea3nh h\u01b0\u1edfng pin \u0111\u1ebfn c\u00e1c thi\u1ebft b\u1ecb d\u00f9ng ngu\u1ed3n \u0111i\u1ec7n th\u1ea5p.<\/p>\n<p>&#8211; Ch\u1ea5t li\u1ec7u v\u1ecf \u0111\u01b0\u1ee3c n\u00e2ng c\u1ea5p b\u1eb1ng quy tr\u00ecnh Laser hi\u1ec7n \u0111\u1ea1i ch\u1ed1ng th\u1ea5m m\u1ed3 h\u00f4i &amp; ch\u1ed1ng v\u00e2n tay t\u1ea1o c\u1ea3m gi\u00e1c tho\u1ea3i m\u00e1i khi c\u1ea7m v\u00e0o m\u00f9a h\u00e8. M\u1eb7t tr\u00ean \u0111\u01b0\u1ee3c t\u00ednh h\u1ee3p \u0111\u00e8n Led hi\u1ec3n th\u1ecb % pin theo dung l\u01b0\u1ee3ng th\u1ef1c, d\u1ec5 d\u00e0ng nh\u1eadn bi\u1ebft khi s\u1eed d\u1ee5ng.<\/p>\n<p>&#8211;\u00a0Baseus Bipow ph\u00f9 h\u1ee3p v\u1edbi\u00a0ti\u00eau chu\u1ea9n v\u1eadn chuy\u1ec3n\u00a0c\u1ee7a\u00a0h\u00e0ng kh\u00f4ng Qu\u1ed1c T\u1ebf, \u0111\u01b0\u1ee3c ph\u00e9p s\u1eed d\u1ee5ng v\u00e0\u00a0m\u1ea1ng l\u00ean\u00a0m\u00e1y bay \u1edf b\u1ea5t c\u1ee9 Qu\u1ed1c Gia\u00a0n\u00e0o.<\/p>\n","protected":false},"featured_media":424,"comment_status":"open","ping_status":"closed","template":"","meta":[],"product_cat":[53,60,63],"product_tag":[],"class_list":["post-423","product","type-product","status-publish","has-post-thumbnail","hentry","product_cat-cu-sac-pin-sac-du-phong","product_cat-pin-sac-du-phong","product_cat-sac-du-phong-20000mah"],"acf":[],"_links":{"self":[{"href":"https:\/\/khogiaodienmau.net\/dienthoai04\/wp-json\/wp\/v2\/product\/423","targetHints":{"allow":["GET"]}}],"collection":[{"href":"https:\/\/khogiaodienmau.net\/dienthoai04\/wp-json\/wp\/v2\/product"}],"about":[{"href":"https:\/\/khogiaodienmau.net\/dienthoai04\/wp-json\/wp\/v2\/types\/product"}],"replies":[{"embeddable":true,"href":"https:\/\/khogiaodienmau.net\/dienthoai04\/wp-json\/wp\/v2\/comments?post=423"}],"wp:featuredmedia":[{"embeddable":true,"href":"https:\/\/khogiaodienmau.net\/dienthoai04\/wp-json\/wp\/v2\/media\/424"}],"wp:attachment":[{"href":"https:\/\/khogiaodienmau.net\/dienthoai04\/wp-json\/wp\/v2\/media?parent=423"}],"wp:term":[{"taxonomy":"product_cat","embeddable":true,"href":"https:\/\/khogiaodienmau.net\/dienthoai04\/wp-json\/wp\/v2\/product_cat?post=423"},{"taxonomy":"product_tag","embeddable":true,"href":"https:\/\/khogiaodienmau.net\/dienthoai04\/wp-json\/wp\/v2\/product_tag?post=423"}],"curies":[{"name":"wp","href":"https:\/\/api.w.org\/{rel}","templated":true}]}}