{"id":450,"date":"2018-11-20T13:27:59","date_gmt":"2018-11-20T13:27:59","guid":{"rendered":"https:\/\/seofy.wgl-demo.net\/?page_id=450"},"modified":"2024-10-07T01:57:49","modified_gmt":"2024-10-07T01:57:49","slug":"lien-he","status":"publish","type":"page","link":"https:\/\/khogiaodienmau.net\/agency14\/lien-he\/","title":{"rendered":"Li\u00ean h\u1ec7"},"content":{"rendered":"<div class=\"wpb-content-wrapper\">[vc_row][vc_column width=&#8221;1\/2&#8243;][wgl_double_headings title_color=&#8221;#252525&#8243; subtitle_color=&#8221;#FF7D00&#8243; title=&#8221;MMO 365 AGENCY&#8221;][wgl_spacing spacer_size=&#8221;20px&#8221;][wgl_custom_text font_size=&#8221;18&#8243;]<span>MMO 365 cung c\u1ea5p c\u00e1c gi\u1ea3i ph\u00e1p marketing online gi\u00fap doanh nghi\u1ec7p c\u00f3 c\u01a1 h\u1ed9i t\u0103ng l\u01b0\u1ee3ng kh\u00e1ch h\u00e0ng ti\u1ec1m n\u0103ng, t\u0103ng doanh thu, qu\u1ea3ng b\u00e1 r\u1ed9ng th\u01b0\u01a1ng hi\u1ec7u\/ s\u1ea3n ph\u1ea9m \u0111\u1ebfn ng\u01b0\u1eddi ti\u00eau d\u00f9ng. MMO 365 l\u00e0 \u0111\u1ed1i t\u00e1c c\u1ee7a Google Partner!<\/span>[\/wgl_custom_text][wgl_spacing spacer_size=&#8221;26&#8243;][wgl_info_box ib_layout=&#8221;left&#8221; icon_type=&#8221;font&#8221; icon_font_type=&#8221;type_flaticon&#8221; icon_flaticon=&#8221;flaticon-map&#8221; icon_shadow_style=&#8221;always&#8221; icon_color_type=&#8221;gradient&#8221; icon_bg_color_hover=&#8221;#ffffff&#8221; title_size=&#8221;18&#8243; title_weight=&#8221;700&#8243; title_bot_offset=&#8221;0&#8243; content_size=&#8221;18&#8243; icon_color=&#8221;#ffffff&#8221; ib_title=&#8221;\u0110\u1ecba Ch\u1ec9:&#8221; ib_content=&#8221;Tr\u1ea7n H\u01b0ng \u0110\u1ea1o, Ph\u01b0\u1eddng B\u1ebfn Ngh\u00e9, Qu\u1eadn 1, Tp.HCM&#8221; custom_icon_size=&#8221;25&#8243; custom_icon_bg_color=&#8221;true&#8221; custom_icon_color=&#8221;true&#8221; custom_icon_bg_width=&#8221;50&#8243; custom_icon_bg_height=&#8221;50&#8243; custom_icon_side_offset=&#8221;25&#8243; add_icon_shadow=&#8221;true&#8221;][wgl_spacing spacer_size=&#8221;21&#8243;][wgl_info_box ib_layout=&#8221;left&#8221; icon_type=&#8221;font&#8221; icon_font_type=&#8221;type_flaticon&#8221; icon_flaticon=&#8221;flaticon-mail&#8221; icon_shadow_style=&#8221;always&#8221; icon_color_type=&#8221;gradient&#8221; icon_color_gradient_start=&#8221;#5ad0ff&#8221; icon_color_gradient_end=&#8221;#3224e9&#8243; icon_bg_color_hover=&#8221;#ffffff&#8221; title_size=&#8221;18&#8243; title_weight=&#8221;700&#8243; title_bot_offset=&#8221;0&#8243; content_size=&#8221;18&#8243; icon_color=&#8221;#ffffff&#8221; ib_title=&#8221;Email:&#8221; ib_content=&#8221;mmo365.net@gmail.com&#8221; custom_icon_size=&#8221;25&#8243; custom_icon_bg_color=&#8221;true&#8221; custom_icon_color=&#8221;true&#8221; custom_icon_bg_width=&#8221;50&#8243; custom_icon_bg_height=&#8221;50&#8243; custom_icon_side_offset=&#8221;25&#8243; add_icon_shadow=&#8221;true&#8221;][wgl_spacing spacer_size=&#8221;21&#8243;][wgl_spacing spacer_size=&#8221;21&#8243;][\/vc_column][vc_column width=&#8221;1\/2&#8243; css=&#8221;.vc_custom_1542726949648{margin-top: 11px !important;}&#8221;][vc_column_text el_class=&#8221;box-shadow&#8221; css=&#8221;.vc_custom_1728266263594{padding-top: 30px !important;padding-right: 38px !important;padding-bottom: 5px !important;padding-left: 38px !important;border-radius: 5px !important;}&#8221;]\n<h4 style=\"margin-bottom: 30px;\"><span style=\"font-weight: bold;\" class=\"custom-weight\">\u0110\u0103ng k\u00fd th\u00f4ng tin<\/span><\/h4>\n\n<div class=\"wpcf7 no-js\" id=\"wpcf7-f466-o1\" lang=\"en-US\" dir=\"ltr\">\n<div class=\"screen-reader-response\"><p role=\"status\" aria-live=\"polite\" aria-atomic=\"true\"><\/p> <ul><\/ul><\/div>\n<form action=\"\/agency14\/wp-json\/wp\/v2\/pages\/450#wpcf7-f466-o1\" method=\"post\" class=\"wpcf7-form init\" aria-label=\"Contact form\" novalidate=\"novalidate\" data-status=\"init\">\n<div style=\"display: none;\">\n<input type=\"hidden\" name=\"_wpcf7\" value=\"466\" \/>\n<input type=\"hidden\" name=\"_wpcf7_version\" value=\"5.9.8\" \/>\n<input type=\"hidden\" name=\"_wpcf7_locale\" value=\"en_US\" \/>\n<input type=\"hidden\" name=\"_wpcf7_unit_tag\" value=\"wpcf7-f466-o1\" \/>\n<input type=\"hidden\" name=\"_wpcf7_container_post\" value=\"0\" \/>\n<input type=\"hidden\" name=\"_wpcf7_posted_data_hash\" value=\"\" \/>\n<\/div>\n<div class='row'>\n\t<div class='wgl_col-12'>\n\t\t<p><span class=\"wpcf7-form-control-wrap\" data-name=\"text-759\"><input size=\"40\" maxlength=\"400\" class=\"wpcf7-form-control wpcf7-text\" aria-invalid=\"false\" placeholder=\"H\u1ecd v\u00e0 T\u00ean *\" value=\"\" type=\"text\" name=\"text-759\" \/><\/span>\n\t\t<\/p>\n\t<\/div>\n\t<div class='wgl_col-12'>\n\t\t<p><span class=\"wpcf7-form-control-wrap\" data-name=\"email-613\"><input size=\"40\" maxlength=\"400\" class=\"wpcf7-form-control wpcf7-email wpcf7-text wpcf7-validates-as-email\" aria-invalid=\"false\" placeholder=\"Email *\" value=\"\" type=\"email\" name=\"email-613\" \/><\/span>\n\t\t<\/p>\n\t<\/div>\n\t<div class='wgl_col-12'>\n\t\t<p><span class=\"wpcf7-form-control-wrap\" data-name=\"textarea-378\"><textarea cols=\"40\" rows=\"10\" maxlength=\"2000\" class=\"wpcf7-form-control wpcf7-textarea\" aria-invalid=\"false\" placeholder=\"Nh\u1eadp n\u1ed9i dung...\" name=\"textarea-378\"><\/textarea><\/span>\n\t\t<\/p>\n\t<\/div>\n<\/div>\n<p><input class=\"wpcf7-form-control wpcf7-submit has-spinner\" type=\"submit\" value=\"G\u1eecI TH\u00d4NG TIN\" \/>\n<\/p><div class=\"wpcf7-response-output\" aria-hidden=\"true\"><\/div>\n<\/form>\n<\/div>\n[\/vc_column_text][\/vc_column][\/vc_row][vc_row][vc_column][wgl_spacing spacer_size=&#8221;40px&#8221;][vc_column_text][wpgmza id=&#8221;1&#8243;][\/vc_column_text][wgl_spacing spacer_size=&#8221;63&#8243;][\/vc_column][\/vc_row]\n<\/div>","protected":false},"excerpt":{"rendered":"<p>[vc_row][vc_column width=&#8221;1\/2&#8243;][wgl_double_headings title_color=&#8221;#252525&#8243; subtitle_color=&#8221;#FF7D00&#8243; title=&#8221;MMO 365 AGENCY&#8221;][wgl_spacing spacer_size=&#8221;20px&#8221;][wgl_custom_text font_size=&#8221;18&#8243;]MMO 365 cung c\u1ea5p c\u00e1c gi\u1ea3i ph\u00e1p marketing online gi\u00fap doanh nghi\u1ec7p c\u00f3 c\u01a1 h\u1ed9i t\u0103ng l\u01b0\u1ee3ng kh\u00e1ch h\u00e0ng ti\u1ec1m n\u0103ng, t\u0103ng doanh thu, qu\u1ea3ng b\u00e1 r\u1ed9ng th\u01b0\u01a1ng hi\u1ec7u\/ s\u1ea3n ph\u1ea9m \u0111\u1ebfn ng\u01b0\u1eddi ti\u00eau d\u00f9ng. MMO 365 l\u00e0 \u0111\u1ed1i t\u00e1c c\u1ee7a Google Partner![\/wgl_custom_text][wgl_spacing spacer_size=&#8221;26&#8243;][wgl_info_box ib_layout=&#8221;left&#8221; icon_type=&#8221;font&#8221; icon_font_type=&#8221;type_flaticon&#8221; [&hellip;]<\/p>\n","protected":false},"author":1,"featured_media":0,"parent":0,"menu_order":0,"comment_status":"closed","ping_status":"closed","template":"","meta":{"om_disable_all_campaigns":false,"_monsterinsights_skip_tracking":false,"_monsterinsights_sitenote_active":false,"_monsterinsights_sitenote_note":"","_monsterinsights_sitenote_category":0,"footnotes":""},"class_list":["post-450","page","type-page","status-publish","hentry"],"aioseo_notices":[],"_links":{"self":[{"href":"https:\/\/khogiaodienmau.net\/agency14\/wp-json\/wp\/v2\/pages\/450","targetHints":{"allow":["GET"]}}],"collection":[{"href":"https:\/\/khogiaodienmau.net\/agency14\/wp-json\/wp\/v2\/pages"}],"about":[{"href":"https:\/\/khogiaodienmau.net\/agency14\/wp-json\/wp\/v2\/types\/page"}],"author":[{"embeddable":true,"href":"https:\/\/khogiaodienmau.net\/agency14\/wp-json\/wp\/v2\/users\/1"}],"replies":[{"embeddable":true,"href":"https:\/\/khogiaodienmau.net\/agency14\/wp-json\/wp\/v2\/comments?post=450"}],"version-history":[{"count":3,"href":"https:\/\/khogiaodienmau.net\/agency14\/wp-json\/wp\/v2\/pages\/450\/revisions"}],"predecessor-version":[{"id":2268,"href":"https:\/\/khogiaodienmau.net\/agency14\/wp-json\/wp\/v2\/pages\/450\/revisions\/2268"}],"wp:attachment":[{"href":"https:\/\/khogiaodienmau.net\/agency14\/wp-json\/wp\/v2\/media?parent=450"}],"curies":[{"name":"wp","href":"https:\/\/api.w.org\/{rel}","templated":true}]}}